CRAN Package Check Results for Package RcppFastFloat

Last updated on 2024-07-13 18:55:42 CEST.

Flavor Version Tinstall Tcheck Ttotal Status Flags
r-devel-linux-x86_64-debian-clang 0.0.4 25.28 28.44 53.72 NOTE
r-devel-linux-x86_64-debian-gcc 0.0.4 16.86 21.87 38.73 NOTE
r-devel-linux-x86_64-fedora-clang 0.0.4 74.12 NOTE
r-devel-linux-x86_64-fedora-gcc 0.0.4 74.73 NOTE
r-devel-windows-x86_64 0.0.4 24.00 73.00 97.00 NOTE
r-patched-linux-x86_64 0.0.4 20.77 26.70 47.47 NOTE
r-release-linux-x86_64 0.0.4 19.34 26.54 45.88 NOTE
r-release-macos-arm64 0.0.4 22.00 NOTE
r-release-macos-x86_64 0.0.4 35.00 NOTE
r-release-windows-x86_64 0.0.4 23.00 73.00 96.00 NOTE
r-oldrel-macos-arm64 0.0.4 24.00 NOTE
r-oldrel-macos-x86_64 0.0.4 33.00 NOTE
r-oldrel-windows-x86_64 0.0.4 22.00 85.00 107.00 NOTE

Check Details

Version: 0.0.4
Check: C++ specification
Result: NOTE Specified C++11: please drop specification unless essential Flavors: r-devel-linux-x86_64-debian-clang, r-devel-linux-x86_64-debian-gcc, r-devel-linux-x86_64-fedora-clang, r-devel-linux-x86_64-fedora-gcc, r-devel-windows-x86_64, r-patched-linux-x86_64, r-release-linux-x86_64, r-release-macos-arm64, r-release-macos-x86_64, r-release-windows-x86_64, r-oldrel-macos-arm64, r-oldrel-macos-x86_64, r-oldrel-windows-x86_64