CRAN Package Check Results for Package RcppClassicExamples

Last updated on 2024-06-22 06:50:58 CEST.

Flavor Version Tinstall Tcheck Ttotal Status Flags
r-devel-linux-x86_64-debian-clang 0.1.3 57.14 29.44 86.58 OK
r-devel-linux-x86_64-debian-gcc 0.1.3 33.39 22.84 56.23 OK
r-devel-linux-x86_64-fedora-clang 0.1.3 124.93 NOTE
r-devel-linux-x86_64-fedora-gcc 0.1.3 116.23 OK
r-devel-windows-x86_64 0.1.3 44.00 76.00 120.00 OK
r-patched-linux-x86_64 0.1.3 45.43 28.58 74.01 OK
r-release-linux-x86_64 0.1.3 41.87 28.53 70.40 OK
r-release-macos-arm64 0.1.3 30.00 OK
r-release-macos-x86_64 0.1.3 37.00 OK
r-release-windows-x86_64 0.1.3 46.00 85.00 131.00 OK
r-oldrel-macos-arm64 0.1.3 35.00 OK
r-oldrel-macos-x86_64 0.1.3 47.00 OK
r-oldrel-windows-x86_64 0.1.3 55.00 84.00 139.00 OK

Check Details

Version: 0.1.3
Check: Rd cross-references
Result: NOTE Undeclared package ‘RcppExamples’ in Rd xrefs Flavor: r-devel-linux-x86_64-fedora-clang