CRAN Package Check Results for Package RcmdrMisc

Last updated on 2024-07-24 06:57:25 CEST.

Flavor Version Tinstall Tcheck Ttotal Status Flags
r-devel-linux-x86_64-debian-clang 2.9-1 9.70 82.13 91.83 NOTE
r-devel-linux-x86_64-debian-gcc 2.9-1 7.21 59.26 66.47 NOTE
r-devel-linux-x86_64-fedora-clang 2.9-1 116.65 NOTE
r-devel-linux-x86_64-fedora-gcc 2.9-1 118.70 NOTE
r-devel-windows-x86_64 2.9-1 12.00 84.00 96.00 NOTE
r-patched-linux-x86_64 2.9-1 19.34 75.35 94.69 NOTE
r-release-linux-x86_64 2.9-1 8.46 75.08 83.54 NOTE
r-release-macos-arm64 2.9-1 33.00 NOTE
r-release-macos-x86_64 2.9-1 46.00 NOTE
r-release-windows-x86_64 2.9-1 11.00 91.00 102.00 NOTE
r-oldrel-macos-arm64 2.9-1 34.00 OK
r-oldrel-macos-x86_64 2.9-1 77.00 OK
r-oldrel-windows-x86_64 2.9-1 15.00 99.00 114.00 OK

Check Details

Version: 2.9-1
Check: Rd files
Result: NOTE checkRd: (-1) indexplot.Rd:28: Lost braces 28 | \item{legend}{keyword (see \code{link}[grapics]{legend}) giving location of the legend if \code{groups} are specified; | ^ Flavors: r-devel-linux-x86_64-debian-clang, r-devel-linux-x86_64-debian-gcc, r-devel-linux-x86_64-fedora-clang, r-devel-linux-x86_64-fedora-gcc, r-devel-windows-x86_64, r-patched-linux-x86_64, r-release-linux-x86_64, r-release-macos-arm64, r-release-macos-x86_64, r-release-windows-x86_64

Version: 2.9-1
Check: Rd cross-references
Result: NOTE Found the following Rd file(s) with Rd \link{} targets missing package anchors: Barplot.Rd: rainbow_hcl normalityTest.Rd: pearson.test, ad.test, cvm.test, lillie.test, sf.test readSAS.Rd: read_sas readSPSS.Rd: read_spss, read.spss readStata.Rd: read.dta13 readXL.Rd: read_excel stepwise.Rd: stepAIC summarySandwich.Rd: hccm, vcovHAC Please provide package anchors for all Rd \link{} targets not in the package itself and the base packages. Flavors: r-devel-linux-x86_64-debian-gcc, r-devel-windows-x86_64