CRAN Package Check Results for Package RchivalTag

Last updated on 2024-07-24 18:53:59 CEST.

Flavor Version Tinstall Tcheck Ttotal Status Flags
r-devel-linux-x86_64-debian-clang 0.1.9 48.30 431.77 480.07 OK
r-devel-linux-x86_64-debian-gcc 0.1.9 41.44 299.27 340.71 NOTE
r-devel-linux-x86_64-fedora-clang 0.1.9 584.40 OK
r-devel-linux-x86_64-fedora-gcc 0.1.9 572.91 OK
r-devel-windows-x86_64 0.1.9 37.00 271.00 308.00 NOTE
r-patched-linux-x86_64 0.1.9 50.59 404.43 455.02 OK
r-release-linux-x86_64 0.1.9 32.96 400.80 433.76 OK
r-release-macos-arm64 0.1.9 128.00 OK
r-release-macos-x86_64 0.1.9 278.00 OK
r-release-windows-x86_64 0.1.9 37.00 271.00 308.00 OK
r-oldrel-macos-arm64 0.1.9 123.00 OK
r-oldrel-macos-x86_64 0.1.9 289.00 OK
r-oldrel-windows-x86_64 0.1.9 54.00 354.00 408.00 OK

Check Details

Version: 0.1.9
Check: Rd cross-references
Result: NOTE Found the following Rd file(s) with Rd \link{} targets missing package anchors: classify_DayTime.Rd: sunriset, crepuscule dy_DepthTS.Rd: dygraph, dyOptions get_DayTimeLimits.Rd: sunriset, crepuscule ggplot_geopos.Rd: SpatialPolygonsDataFrame, projection, cmap ggplotly_geopos.Rd: region_definitions, v, add.region, delete.region, ggplotly image_TempDepthProfiles.Rd: cmap, set.colorbarp leaflet_geopos.Rd: SpatialPolygonsDataFrame, cmap plot_DepthTempTS.Rd: oceanmap, cmap plot_data_coverage.Rd: oceanmap Please provide package anchors for all Rd \link{} targets not in the package itself and the base packages. Flavors: r-devel-linux-x86_64-debian-gcc, r-devel-windows-x86_64