CRAN Package Check Results for Package RadialVisGadgets

Last updated on 2024-07-19 06:50:24 CEST.

Flavor Version Tinstall Tcheck Ttotal Status Flags
r-devel-linux-x86_64-debian-clang 0.2.0 16.43 140.67 157.10 NOTE
r-devel-linux-x86_64-debian-gcc 0.2.0 14.45 105.88 120.33 NOTE
r-devel-linux-x86_64-fedora-clang 0.2.0 204.88 NOTE
r-devel-linux-x86_64-fedora-gcc 0.2.0 216.34 NOTE
r-devel-windows-x86_64 0.2.0 15.00 118.00 133.00 NOTE
r-patched-linux-x86_64 0.2.0 11.13 131.22 142.35 NOTE
r-release-linux-x86_64 0.2.0 12.23 134.87 147.10 NOTE
r-release-macos-arm64 0.2.0 59.00 NOTE
r-release-macos-x86_64 0.2.0 91.00 NOTE
r-release-windows-x86_64 0.2.0 15.00 115.00 130.00 NOTE
r-oldrel-macos-arm64 0.2.0 64.00 NOTE
r-oldrel-macos-x86_64 0.2.0 105.00 NOTE
r-oldrel-windows-x86_64 0.2.0 21.00 138.00 159.00 NOTE

Check Details

Version: 0.2.0
Check: LazyData
Result: NOTE 'LazyData' is specified without a 'data' directory Flavors: r-devel-linux-x86_64-debian-clang, r-devel-linux-x86_64-debian-gcc, r-devel-linux-x86_64-fedora-clang, r-devel-linux-x86_64-fedora-gcc, r-devel-windows-x86_64, r-patched-linux-x86_64, r-release-linux-x86_64, r-release-macos-arm64, r-release-macos-x86_64, r-release-windows-x86_64, r-oldrel-macos-arm64, r-oldrel-macos-x86_64, r-oldrel-windows-x86_64