CRAN Package Check Results for Package Racmacs

Last updated on 2025-01-20 19:49:23 CET.

Flavor Version Tinstall Tcheck Ttotal Status Flags
r-devel-linux-x86_64-debian-clang 1.2.9 318.61 519.71 838.32 OK
r-devel-linux-x86_64-debian-gcc 1.2.9 223.62 350.75 574.37 OK
r-devel-linux-x86_64-fedora-clang 1.2.9 1556.42 OK
r-devel-linux-x86_64-fedora-gcc 1.2.9 1636.30 OK
r-devel-windows-x86_64 1.2.9 326.00 598.00 924.00 OK
r-patched-linux-x86_64 1.2.9 323.04 516.01 839.05 OK
r-release-linux-x86_64 1.2.9 322.01 512.13 834.14 OK
r-release-macos-arm64 1.2.9 399.00 NOTE
r-release-macos-x86_64 1.2.9 527.00 NOTE
r-release-windows-x86_64 1.2.9 339.00 597.00 936.00 NOTE
r-oldrel-macos-arm64 1.2.9 422.00 NOTE
r-oldrel-macos-x86_64 1.2.9 333.00 NOTE
r-oldrel-windows-x86_64 1.2.9 369.00 749.00 1118.00 NOTE

Check Details

Version: 1.2.9
Check: installed package size
Result: NOTE installed size is 25.1Mb sub-directories of 1Mb or more: doc 5.3Mb htmlwidgets 1.8Mb libs 16.0Mb Flavors: r-release-macos-arm64, r-release-macos-x86_64, r-release-windows-x86_64, r-oldrel-macos-arm64, r-oldrel-macos-x86_64, r-oldrel-windows-x86_64