CRAN Package Check Results for Package Racmacs

Last updated on 2024-06-12 17:57:29 CEST.

Flavor Version Tinstall Tcheck Ttotal Status Flags
r-devel-linux-x86_64-debian-clang 1.2.9 543.85 696.32 1240.17 OK
r-devel-linux-x86_64-debian-gcc 1.2.9 1.40 1.90 3.30 ERROR
r-devel-linux-x86_64-fedora-clang 1.2.9 1755.72 NOTE
r-devel-linux-x86_64-fedora-gcc 1.2.9 1745.02 OK
r-devel-windows-x86_64 1.2.9 418.00 600.00 1018.00 NOTE
r-patched-linux-x86_64 1.2.9 463.74 650.19 1113.93 OK
r-release-linux-x86_64 1.2.9 446.09 666.70 1112.79 OK
r-release-macos-arm64 1.2.9 399.00 NOTE
r-release-macos-x86_64 1.2.9 527.00 NOTE
r-release-windows-x86_64 1.2.9 428.00 594.00 1022.00 NOTE
r-oldrel-macos-arm64 1.2.9 422.00 NOTE
r-oldrel-macos-x86_64 1.2.9 333.00 NOTE
r-oldrel-windows-x86_64 1.2.9 505.00 744.00 1249.00 NOTE

Check Details

Version: 1.2.9
Check: package dependencies
Result: ERROR Packages required but not available: 'shinyFiles', 'ggplot2', 'igraph', 'dplyr', 'vctrs' Packages suggested but not available for checking: 'testthat', 'r3js', 'plotly', 'readxl', 'stringr', 'tibble', 'tidyr' See section ‘The DESCRIPTION file’ in the ‘Writing R Extensions’ manual. Flavor: r-devel-linux-x86_64-debian-gcc

Version: 1.2.9
Check: installed package size
Result: NOTE installed size is 10.8Mb sub-directories of 1Mb or more: doc 5.3Mb htmlwidgets 1.8Mb libs 1.5Mb Flavors: r-devel-linux-x86_64-fedora-clang, r-devel-windows-x86_64, r-release-macos-arm64, r-release-macos-x86_64, r-release-windows-x86_64, r-oldrel-macos-arm64, r-oldrel-macos-x86_64, r-oldrel-windows-x86_64