CRAN Package Check Results for Package RSentiment

Last updated on 2024-07-25 06:52:27 CEST.

Flavor Version Tinstall Tcheck Ttotal Status Flags
r-devel-linux-x86_64-debian-clang 2.2.2 3.15 38.08 41.23 NOTE
r-devel-linux-x86_64-debian-gcc 2.2.2 2.30 29.24 31.54 NOTE
r-devel-linux-x86_64-fedora-clang 2.2.2 52.83 NOTE
r-devel-linux-x86_64-fedora-gcc 2.2.2 68.47 NOTE
r-devel-windows-x86_64 2.2.2 5.00 49.00 54.00 NOTE
r-patched-linux-x86_64 2.2.2 3.02 37.65 40.67 NOTE
r-release-linux-x86_64 2.2.2 3.05 35.99 39.04 NOTE
r-release-macos-arm64 2.2.2 25.00 NOTE
r-release-macos-x86_64 2.2.2 35.00 NOTE
r-release-windows-x86_64 2.2.2 3.00 49.00 52.00 NOTE
r-oldrel-macos-arm64 2.2.2 24.00 NOTE
r-oldrel-macos-x86_64 2.2.2 32.00 NOTE
r-oldrel-windows-x86_64 2.2.2 4.00 52.00 56.00 NOTE

Check Details

Version: 2.2.2
Check: LazyData
Result: NOTE 'LazyData' is specified without a 'data' directory Flavors: r-devel-linux-x86_64-debian-clang, r-devel-linux-x86_64-debian-gcc, r-devel-linux-x86_64-fedora-clang, r-devel-linux-x86_64-fedora-gcc, r-devel-windows-x86_64, r-patched-linux-x86_64, r-release-linux-x86_64, r-release-macos-arm64, r-release-macos-x86_64, r-release-windows-x86_64, r-oldrel-macos-arm64, r-oldrel-macos-x86_64, r-oldrel-windows-x86_64