CRAN Package Check Results for Package RInside

Last updated on 2024-07-25 06:52:27 CEST.

Flavor Version Tinstall Tcheck Ttotal Status Flags
r-devel-linux-x86_64-debian-clang 0.2.18 22.97 26.17 49.14 NOTE
r-devel-linux-x86_64-debian-gcc 0.2.18 14.94 20.45 35.39 NOTE
r-devel-linux-x86_64-fedora-clang 0.2.18 102.65 NOTE
r-devel-linux-x86_64-fedora-gcc 0.2.18 71.25 NOTE
r-devel-windows-x86_64 0.2.18 29.00 141.00 170.00 NOTE
r-patched-linux-x86_64 0.2.18 28.11 26.21 54.32 NOTE
r-release-linux-x86_64 0.2.18 18.13 25.16 43.29 NOTE
r-release-macos-arm64 0.2.18 23.00 NOTE
r-release-macos-x86_64 0.2.18 35.00 NOTE
r-release-windows-x86_64 0.2.18 38.00 124.00 162.00 NOTE
r-oldrel-macos-arm64 0.2.18 24.00 NOTE
r-oldrel-macos-x86_64 0.2.18 41.00 NOTE
r-oldrel-windows-x86_64 0.2.18 28.00 163.00 191.00 NOTE

Check Details

Version: 0.2.18
Check: compiled code
Result: NOTE File ‘RInside/libs/RInside.so’: Found ‘srand’, possibly from ‘srand’ (C) Object: ‘RInside.o’ File ‘RInside/libs/RInside.so’: Found non-API calls to R: ‘R_CStackLimit’, ‘R_CleanTempDir’, ‘R_DefParams’, ‘R_ReplDLLinit’, ‘R_RunExitFinalizers’, ‘R_SetParams’, ‘R_SignalHandlers’, ‘R_TempDir’, ‘Rf_endEmbeddedR’, ‘Rf_initEmbeddedR’, ‘SET_TYPEOF’, ‘run_Rmainloop’ Compiled code should not call entry points which might terminate R nor write to stdout/stderr instead of to the console, nor use Fortran I/O nor system RNGs nor [v]sprintf. Compiled code should not call non-API entry points in R. See ‘Writing portable packages’ in the ‘Writing R Extensions’ manual, and section ‘Moving into C API compliance’ for issues with the use of non-API entry points. Flavors: r-devel-linux-x86_64-debian-clang, r-devel-linux-x86_64-debian-gcc, r-devel-linux-x86_64-fedora-clang, r-devel-linux-x86_64-fedora-gcc

Version: 0.2.18
Check: installed package size
Result: NOTE installed size is 7.4Mb sub-directories of 1Mb or more: lib 3.1Mb libs 3.8Mb Flavors: r-devel-windows-x86_64, r-release-windows-x86_64, r-oldrel-windows-x86_64

Version: 0.2.18
Check: compiled code
Result: NOTE File 'RInside/libs/x64/RInside.dll': Found 'srand', possibly from 'srand' (C) Object: 'RInside.o' File 'RInside/libs/x64/libRInside.dll': Found 'srand', possibly from 'srand' (C) Object: 'RInside.o' File 'RInside/libs/x64/RInside.dll': Found non-API calls to R: 'R_CleanTempDir', 'R_DefParams', 'R_ReplDLLinit', 'R_RunExitFinalizers', 'R_SetParams', 'R_TempDir', 'Rf_endEmbeddedR', 'Rf_initEmbeddedR', 'SET_TYPEOF', 'getRUser', 'get_R_HOME', 'run_Rmainloop' File 'RInside/libs/x64/libRInside.dll': Found non-API calls to R: 'R_CleanTempDir', 'R_DefParams', 'R_ReplDLLinit', 'R_RunExitFinalizers', 'R_SetParams', 'R_TempDir', 'Rf_endEmbeddedR', 'Rf_initEmbeddedR', 'SET_TYPEOF', 'getRUser', 'get_R_HOME', 'run_Rmainloop' Compiled code should not call entry points which might terminate R nor write to stdout/stderr instead of to the console, nor use Fortran I/O nor system RNGs nor [v]sprintf. Compiled code should not call non-API entry points in R. See 'Writing portable packages' in the 'Writing R Extensions' manual, and section 'Moving into C API compliance' for issues with the use of non-API entry points. Flavor: r-devel-windows-x86_64

Version: 0.2.18
Check: compiled code
Result: NOTE File ‘RInside/libs/RInside.so’: Found ‘srand’, possibly from ‘srand’ (C) Object: ‘RInside.o’ File ‘RInside/libs/RInside.so’: Found non-API calls to R: ‘R_CStackLimit’, ‘R_CleanTempDir’, ‘R_DefParams’, ‘R_ReplDLLinit’, ‘R_RunExitFinalizers’, ‘R_SetParams’, ‘R_SignalHandlers’, ‘R_TempDir’, ‘Rf_endEmbeddedR’, ‘Rf_initEmbeddedR’, ‘run_Rmainloop’ Compiled code should not call entry points which might terminate R nor write to stdout/stderr instead of to the console, nor use Fortran I/O nor system RNGs nor [v]sprintf. Compiled code should not call non-API entry points in R. See ‘Writing portable packages’ in the ‘Writing R Extensions’ manual. Flavors: r-patched-linux-x86_64, r-release-linux-x86_64

Version: 0.2.18
Check: compiled code
Result: NOTE File ‘RInside/libs/RInside.so’: Found ‘_srand’, possibly from ‘srand’ (C) Object: ‘RInside.o’ File ‘RInside/libs/RInside.so’: Found non-API calls to R: ‘R_CStackLimit’, ‘R_CleanTempDir’, ‘R_DefParams’, ‘R_ReplDLLinit’, ‘R_RunExitFinalizers’, ‘R_SetParams’, ‘R_SignalHandlers’, ‘R_TempDir’, ‘Rf_endEmbeddedR’, ‘Rf_initEmbeddedR’, ‘run_Rmainloop’ Compiled code should not call entry points which might terminate R nor write to stdout/stderr instead of to the console, nor use Fortran I/O nor system RNGs nor [v]sprintf. Compiled code should not call non-API entry points in R. See ‘Writing portable packages’ in the ‘Writing R Extensions’ manual. Flavors: r-release-macos-arm64, r-release-macos-x86_64, r-oldrel-macos-arm64, r-oldrel-macos-x86_64

Version: 0.2.18
Check: compiled code
Result: NOTE File 'RInside/libs/x64/RInside.dll': Found 'srand', possibly from 'srand' (C) Object: 'RInside.o' File 'RInside/libs/x64/libRInside.dll': Found 'srand', possibly from 'srand' (C) Object: 'RInside.o' File 'RInside/libs/x64/RInside.dll': Found non-API calls to R: 'R_CleanTempDir', 'R_DefParams', 'R_ReplDLLinit', 'R_RunExitFinalizers', 'R_SetParams', 'R_TempDir', 'Rf_endEmbeddedR', 'Rf_initEmbeddedR', 'getRUser', 'get_R_HOME', 'run_Rmainloop' File 'RInside/libs/x64/libRInside.dll': Found non-API calls to R: 'R_CleanTempDir', 'R_DefParams', 'R_ReplDLLinit', 'R_RunExitFinalizers', 'R_SetParams', 'R_TempDir', 'Rf_endEmbeddedR', 'Rf_initEmbeddedR', 'getRUser', 'get_R_HOME', 'run_Rmainloop' Compiled code should not call entry points which might terminate R nor write to stdout/stderr instead of to the console, nor use Fortran I/O nor system RNGs nor [v]sprintf. Compiled code should not call non-API entry points in R. See 'Writing portable packages' in the 'Writing R Extensions' manual. Flavors: r-release-windows-x86_64, r-oldrel-windows-x86_64