CRAN Package Check Results for Package RGremlinsConjoint

Last updated on 2024-07-13 18:55:43 CEST.

Flavor Version Tinstall Tcheck Ttotal Status Flags
r-devel-linux-x86_64-debian-clang 0.9.1 4.30 45.67 49.97 NOTE
r-devel-linux-x86_64-debian-gcc 0.9.1 3.21 34.56 37.77 NOTE
r-devel-linux-x86_64-fedora-clang 0.9.1 63.10 NOTE
r-devel-linux-x86_64-fedora-gcc 0.9.1 76.18 NOTE
r-devel-windows-x86_64 0.9.1 5.00 62.00 67.00 NOTE
r-patched-linux-x86_64 0.9.1 4.20 44.14 48.34 NOTE
r-release-linux-x86_64 0.9.1 2.64 44.18 46.82 NOTE
r-release-macos-arm64 0.9.1 30.00 NOTE
r-release-macos-x86_64 0.9.1 41.00 NOTE
r-release-windows-x86_64 0.9.1 5.00 62.00 67.00 NOTE
r-oldrel-macos-arm64 0.9.1 38.00 OK
r-oldrel-macos-x86_64 0.9.1 75.00 OK
r-oldrel-windows-x86_64 0.9.1 5.00 68.00 73.00 OK

Check Details

Version: 0.9.1
Check: Rd files
Result: NOTE checkRd: (-1) code_sawtooth_design.Rd:53: Lost braces 53 | /url{http://www.sawtoothsoftware.com/help/lighthouse-studio/manual/index.html?hid_web_cbc_exporting.html} | ^ Flavors: r-devel-linux-x86_64-debian-clang, r-devel-linux-x86_64-debian-gcc, r-devel-linux-x86_64-fedora-clang, r-devel-linux-x86_64-fedora-gcc, r-devel-windows-x86_64, r-patched-linux-x86_64, r-release-linux-x86_64, r-release-macos-arm64, r-release-macos-x86_64, r-release-windows-x86_64