CRAN Package Check Results for Package REEMtree

Last updated on 2024-07-13 18:55:43 CEST.

Flavor Version Tinstall Tcheck Ttotal Status Flags
r-devel-linux-x86_64-debian-clang 0.90.5 2.74 37.35 40.09 OK
r-devel-linux-x86_64-debian-gcc 0.90.5 2.20 28.26 30.46 OK
r-devel-linux-x86_64-fedora-clang 0.90.5 49.62 OK
r-devel-linux-x86_64-fedora-gcc 0.90.5 50.91 OK
r-devel-windows-x86_64 0.90.5 4.00 52.00 56.00 NOTE
r-patched-linux-x86_64 0.90.5 2.51 36.10 38.61 OK
r-release-linux-x86_64 0.90.5 2.99 36.00 38.99 OK
r-release-macos-arm64 0.90.5 20.00 OK
r-release-macos-x86_64 0.90.5 29.00 OK
r-release-windows-x86_64 0.90.5 4.00 52.00 56.00 OK
r-oldrel-macos-arm64 0.90.5 22.00 OK
r-oldrel-macos-x86_64 0.90.5 41.00 OK
r-oldrel-windows-x86_64 0.90.5 4.00 57.00 61.00 OK

Check Details

Version: 0.90.5
Check: Rd cross-references
Result: NOTE Found the following Rd file(s) with Rd \link{} targets missing package anchors: AutoCorrelationLRtest.Rd: corClasses REEMtree.Rd: corClasses, rpart, nlme REEMtree.object.Rd: rpart, nlme plot.Rd: plot.rpart predict.Rd: predict.nlme, predict.rpart print.Rd: print.rpart tree.Rd: rpart.object Please provide package anchors for all Rd \link{} targets not in the package itself and the base packages. Flavor: r-devel-windows-x86_64