CRAN Package Check Results for Package REBayes

Last updated on 2024-07-24 06:57:25 CEST.

Flavor Version Tinstall Tcheck Ttotal Status Flags
r-devel-linux-x86_64-debian-clang 2.56 10.22 129.76 139.98 OK
r-devel-linux-x86_64-debian-gcc 2.56 9.72 99.45 109.17 OK
r-devel-windows-x86_64 2.56 12.00 175.00 187.00 OK
r-patched-linux-x86_64 2.56 11.27 125.34 136.61 OK
r-release-linux-x86_64 2.56 12.75 123.22 135.97 OK
r-release-macos-arm64 2.56 77.00 OK
r-release-macos-x86_64 2.56 208.00 OK
r-release-windows-x86_64 2.56 11.00 174.00 185.00 OK
r-oldrel-macos-arm64 2.56 81.00 ERROR
r-oldrel-macos-x86_64 2.56 225.00 ERROR
r-oldrel-windows-x86_64 2.56 9.00 171.00 180.00 OK

Check Details

Version: 2.56
Check: running R code from vignettes
Result: ERROR Errors in running code in vignettes: when running code in ‘Bdecon.Rnw’ ... + if (i == 1) { + G0 <- function(t) punif(t, 0, 6)/8 + 7 * pnorm(t, 0, + 0.5)/8 + rf0 <- function( .... [TRUNCATED] Loading required package: splines Timing stopped at: 0.012 0.002 0.015 When sourcing ‘Bdecon.R’: Error: Unknown exported object to be built. Please use 'Rmosek::mosek_attachbuilder' to complete the installation of Rmosek. Execution halted when running code in ‘medde.Rnw’ ... > plot(x, -1/sqrt(exp(y)), xlab = "x ~ log income annual increments", + ylab = expression(-1/sqrt(f(x))), type = "l") > w <- exp(y) * diff(x)[1] > f <- medde(x, w = w, lambda = -0.5, alpha = 0.5) When sourcing ‘medde.R’: Error: Unknown exported object to be built. Please use 'Rmosek::mosek_attachbuilder' to complete the installation of Rmosek. Execution halted when running code in ‘rebayes.Rnw’ ... > plot(x, 0.9 * dnorm(x, 0) + 0.1 * dnorm(x, 2), type = "l", + xlab = "x", ylab = expression(g(x)), main = "") > y <- rep(c(0, 2), times = c(900, 100)) + rnorm(1000) > z <- GLmix(y) When sourcing ‘rebayes.R’: Error: Unknown exported object to be built. Please use 'Rmosek::mosek_attachbuilder' to complete the installation of Rmosek. Execution halted ‘Bdecon.Rnw’ using ‘latin1’... failed ‘medde.Rnw’ using ‘latin1’... failed ‘rebayes.Rnw’ using ‘latin1’... failed Flavor: r-oldrel-macos-arm64

Version: 2.56
Check: running R code from vignettes
Result: ERROR Errors in running code in vignettes: when running code in ‘Bdecon.Rnw’ ... + if (i == 1) { + G0 <- function(t) punif(t, 0, 6)/8 + 7 * pnorm(t, 0, + 0.5)/8 + rf0 <- function( .... [TRUNCATED] Loading required package: splines Timing stopped at: 0.016 0.001 0.032 When sourcing ‘Bdecon.R’: Error: Unknown exported object to be built. Please use 'Rmosek::mosek_attachbuilder' to complete the installation of Rmosek. Execution halted when running code in ‘medde.Rnw’ ... > plot(x, -1/sqrt(exp(y)), xlab = "x ~ log income annual increments", + ylab = expression(-1/sqrt(f(x))), type = "l") > w <- exp(y) * diff(x)[1] > f <- medde(x, w = w, lambda = -0.5, alpha = 0.5) When sourcing ‘medde.R’: Error: Unknown exported object to be built. Please use 'Rmosek::mosek_attachbuilder' to complete the installation of Rmosek. Execution halted when running code in ‘rebayes.Rnw’ ... > plot(x, 0.9 * dnorm(x, 0) + 0.1 * dnorm(x, 2), type = "l", + xlab = "x", ylab = expression(g(x)), main = "") > y <- rep(c(0, 2), times = c(900, 100)) + rnorm(1000) > z <- GLmix(y) When sourcing ‘rebayes.R’: Error: Unknown exported object to be built. Please use 'Rmosek::mosek_attachbuilder' to complete the installation of Rmosek. Execution halted ‘Bdecon.Rnw’ using ‘latin1’... failed ‘medde.Rnw’ using ‘latin1’... failed ‘rebayes.Rnw’ using ‘latin1’... failed Flavor: r-oldrel-macos-x86_64