CRAN Package Check Results for Package RDota2

Last updated on 2024-07-21 18:54:21 CEST.

Flavor Version Tinstall Tcheck Ttotal Status Flags
r-devel-linux-x86_64-debian-clang 0.1.6 2.26 35.16 37.42 NOTE
r-devel-linux-x86_64-debian-gcc 0.1.6 1.45 26.41 27.86 NOTE
r-devel-linux-x86_64-fedora-clang 0.1.6 48.41 NOTE
r-devel-linux-x86_64-fedora-gcc 0.1.6 61.67 NOTE
r-devel-windows-x86_64 0.1.6 4.00 57.00 61.00 NOTE
r-patched-linux-x86_64 0.1.6 2.51 33.93 36.44 NOTE
r-release-linux-x86_64 0.1.6 2.53 32.78 35.31 NOTE
r-release-macos-arm64 0.1.6 26.00 NOTE
r-release-macos-x86_64 0.1.6 35.00 NOTE
r-release-windows-x86_64 0.1.6 3.00 57.00 60.00 NOTE
r-oldrel-macos-arm64 0.1.6 27.00 NOTE
r-oldrel-macos-x86_64 0.1.6 33.00 NOTE
r-oldrel-windows-x86_64 0.1.6 4.00 58.00 62.00 NOTE

Check Details

Version: 0.1.6
Check: LazyData
Result: NOTE 'LazyData' is specified without a 'data' directory Flavors: r-devel-linux-x86_64-debian-clang, r-devel-linux-x86_64-debian-gcc, r-devel-linux-x86_64-fedora-clang, r-devel-linux-x86_64-fedora-gcc, r-devel-windows-x86_64, r-patched-linux-x86_64, r-release-linux-x86_64, r-release-macos-arm64, r-release-macos-x86_64, r-release-windows-x86_64, r-oldrel-macos-arm64, r-oldrel-macos-x86_64, r-oldrel-windows-x86_64