CRAN Package Check Results for Package RConics

Last updated on 2024-07-21 18:54:20 CEST.

Flavor Version Tinstall Tcheck Ttotal Status Flags
r-devel-linux-x86_64-debian-clang 1.1.1 2.52 27.88 30.40 NOTE
r-devel-linux-x86_64-debian-gcc 1.1.1 2.28 21.17 23.45 NOTE
r-devel-linux-x86_64-fedora-clang 1.1.1 41.16 NOTE
r-devel-linux-x86_64-fedora-gcc 1.1.1 40.54 NOTE
r-devel-windows-x86_64 1.1.1 3.00 45.00 48.00 NOTE
r-patched-linux-x86_64 1.1.1 3.07 26.41 29.48 NOTE
r-release-linux-x86_64 1.1.1 3.31 26.96 30.27 NOTE
r-release-macos-arm64 1.1.1 16.00 NOTE
r-release-macos-x86_64 1.1.1 22.00 NOTE
r-release-windows-x86_64 1.1.1 3.00 44.00 47.00 NOTE
r-oldrel-macos-arm64 1.1.1 17.00 NOTE
r-oldrel-macos-x86_64 1.1.1 22.00 NOTE
r-oldrel-windows-x86_64 1.1.1 5.00 46.00 51.00 NOTE

Check Details

Version: 1.1.1
Check: package dependencies
Result: NOTE Package suggested but not available for checking: ‘conics’ Flavors: r-devel-linux-x86_64-debian-clang, r-devel-linux-x86_64-debian-gcc, r-devel-linux-x86_64-fedora-clang, r-devel-linux-x86_64-fedora-gcc, r-devel-windows-x86_64, r-patched-linux-x86_64, r-release-linux-x86_64, r-release-macos-arm64, r-release-macos-x86_64, r-release-windows-x86_64, r-oldrel-macos-arm64, r-oldrel-macos-x86_64, r-oldrel-windows-x86_64