CRAN Package Check Results for Package RCTrep

Last updated on 2024-06-13 17:49:23 CEST.

Flavor Version Tinstall Tcheck Ttotal Status Flags
r-devel-linux-x86_64-debian-clang 1.2.0 44.09 195.89 239.98 OK
r-devel-linux-x86_64-debian-gcc 1.2.0 0.60 1.91 2.51 ERROR
r-devel-linux-x86_64-fedora-clang 1.2.0 307.17 OK
r-devel-linux-x86_64-fedora-gcc 1.2.0 294.41 OK
r-devel-windows-x86_64 1.2.0 37.00 146.00 183.00 OK
r-patched-linux-x86_64 1.2.0 40.67 184.65 225.32 OK
r-release-linux-x86_64 1.2.0 39.72 188.75 228.47 OK
r-release-macos-arm64 1.2.0 83.00 OK
r-release-macos-x86_64 1.2.0 121.00 OK
r-release-windows-x86_64 1.2.0 37.00 147.00 184.00 OK
r-oldrel-macos-arm64 1.2.0 71.00 OK
r-oldrel-macos-x86_64 1.2.0 107.00 OK
r-oldrel-windows-x86_64 1.2.0 47.00 192.00 239.00 OK

Check Details

Version: 1.2.0
Check: package dependencies
Result: ERROR Packages required but not available: 'ggplot2', 'ggpubr', 'PSweight', 'dplyr', 'geex', 'fastDummies', 'tidyr', 'caret' Package suggested but not available for checking: ‘testthat’ See section ‘The DESCRIPTION file’ in the ‘Writing R Extensions’ manual. Flavor: r-devel-linux-x86_64-debian-gcc