CRAN Package Check Results for Package RBNZ

Last updated on 2024-07-13 06:49:49 CEST.

Flavor Version Tinstall Tcheck Ttotal Status Flags
r-devel-linux-x86_64-debian-clang 1.1.0 4.98 55.25 60.23 NOTE
r-devel-linux-x86_64-debian-gcc 1.1.0 3.20 42.41 45.61 NOTE
r-devel-linux-x86_64-fedora-clang 1.1.0 78.75 NOTE
r-devel-linux-x86_64-fedora-gcc 1.1.0 92.45 NOTE
r-devel-windows-x86_64 1.1.0 9.00 72.00 81.00 NOTE
r-patched-linux-x86_64 1.1.0 5.73 55.08 60.81 NOTE
r-release-linux-x86_64 1.1.0 3.64 54.82 58.46 NOTE
r-release-macos-arm64 1.1.0 33.00 NOTE
r-release-macos-x86_64 1.1.0 65.00 NOTE
r-release-windows-x86_64 1.1.0 7.00 70.00 77.00 NOTE
r-oldrel-macos-arm64 1.1.0 30.00 NOTE
r-oldrel-macos-x86_64 1.1.0 47.00 NOTE
r-oldrel-windows-x86_64 1.1.0 9.00 79.00 88.00 NOTE

Check Details

Version: 1.1.0
Check: LazyData
Result: NOTE 'LazyData' is specified without a 'data' directory Flavors: r-devel-linux-x86_64-debian-clang, r-devel-linux-x86_64-debian-gcc, r-devel-linux-x86_64-fedora-clang, r-devel-linux-x86_64-fedora-gcc, r-devel-windows-x86_64, r-patched-linux-x86_64, r-release-linux-x86_64, r-release-macos-arm64, r-release-macos-x86_64, r-release-windows-x86_64, r-oldrel-macos-arm64, r-oldrel-macos-x86_64, r-oldrel-windows-x86_64