CRAN Package Check Results for Package QCAtools

Last updated on 2024-07-19 06:50:23 CEST.

Flavor Version Tinstall Tcheck Ttotal Status Flags
r-devel-linux-x86_64-debian-clang 0.2.3 6.53 58.26 64.79 NOTE
r-devel-linux-x86_64-debian-gcc 0.2.3 5.06 43.39 48.45 NOTE
r-devel-linux-x86_64-fedora-clang 0.2.3 80.20 NOTE
r-devel-linux-x86_64-fedora-gcc 0.2.3 80.63 NOTE
r-devel-windows-x86_64 0.2.3 9.00 60.00 69.00 NOTE
r-patched-linux-x86_64 0.2.3 6.89 55.44 62.33 NOTE
r-release-linux-x86_64 0.2.3 5.55 54.10 59.65 NOTE
r-release-macos-arm64 0.2.3 28.00 NOTE
r-release-macos-x86_64 0.2.3 39.00 NOTE
r-release-windows-x86_64 0.2.3 7.00 63.00 70.00 NOTE
r-oldrel-macos-arm64 0.2.3 28.00 NOTE
r-oldrel-macos-x86_64 0.2.3 38.00 NOTE
r-oldrel-windows-x86_64 0.2.3 10.00 69.00 79.00 NOTE

Check Details

Version: 0.2.3
Check: LazyData
Result: NOTE 'LazyData' is specified without a 'data' directory Flavors: r-devel-linux-x86_64-debian-clang, r-devel-linux-x86_64-debian-gcc, r-devel-linux-x86_64-fedora-clang, r-devel-linux-x86_64-fedora-gcc, r-devel-windows-x86_64, r-patched-linux-x86_64, r-release-linux-x86_64, r-release-macos-arm64, r-release-macos-x86_64, r-release-windows-x86_64, r-oldrel-macos-arm64, r-oldrel-macos-x86_64, r-oldrel-windows-x86_64