CRAN Package Check Results for Package PupilPre

Last updated on 2024-07-23 07:07:24 CEST.

Flavor Version Tinstall Tcheck Ttotal Status Flags
r-devel-linux-x86_64-debian-clang 0.6.2 13.26 165.78 179.04 OK
r-devel-linux-x86_64-debian-gcc 0.6.2 9.16 122.95 132.11 NOTE
r-devel-linux-x86_64-fedora-clang 0.6.2 234.33 NOTE
r-devel-linux-x86_64-fedora-gcc 0.6.2 239.92 OK
r-devel-windows-x86_64 0.6.2 14.00 135.00 149.00 NOTE
r-patched-linux-x86_64 0.6.2 13.52 158.27 171.79 OK
r-release-linux-x86_64 0.6.2 7.84 159.20 167.04 OK
r-release-macos-arm64 0.6.2 69.00 OK
r-release-macos-x86_64 0.6.2 102.00 OK
r-release-windows-x86_64 0.6.2 13.00 135.00 148.00 OK
r-oldrel-macos-arm64 0.6.2 76.00 OK
r-oldrel-macos-x86_64 0.6.2 112.00 OK
r-oldrel-windows-x86_64 0.6.2 17.00 169.00 186.00 OK

Check Details

Version: 0.6.2
Check: Rd cross-references
Result: NOTE Found the following Rd file(s) with Rd \link{} targets missing package anchors: NA_summary.Rd: create_time_series blink_summary.Rd: create_time_series check_baseline.Rd: create_time_series compare_summary.Rd: create_time_series ppl_check_eye_recording.Rd: create_time_series ppl_plot_avg.Rd: create_time_series ppl_plot_avg_contour.Rd: create_time_series ppl_select_recorded_eye.Rd: create_time_series Please provide package anchors for all Rd \link{} targets not in the package itself and the base packages. Flavors: r-devel-linux-x86_64-debian-gcc, r-devel-windows-x86_64

Version: 0.6.2
Check: Rd cross-references
Result: NOTE Undeclared package ‘tibble’ in Rd xrefs Flavor: r-devel-linux-x86_64-fedora-clang