CRAN Package Check Results for Package PopGenReport

Last updated on 2024-07-22 18:52:29 CEST.

Flavor Version Tinstall Tcheck Ttotal Status Flags
r-devel-linux-x86_64-debian-clang 3.1 46.25 471.35 517.60 OK
r-devel-linux-x86_64-debian-gcc 3.1 41.99 338.74 380.73 NOTE
r-devel-linux-x86_64-fedora-clang 3.1 627.54 OK
r-devel-linux-x86_64-fedora-gcc 3.1 643.99 OK
r-devel-windows-x86_64 3.1 40.00 310.00 350.00 NOTE
r-patched-linux-x86_64 3.1 52.62 440.22 492.84 OK
r-release-linux-x86_64 3.1 35.49 436.99 472.48 OK
r-release-macos-arm64 3.1 144.00 OK
r-release-macos-x86_64 3.1 225.00 OK
r-release-windows-x86_64 3.1 39.00 307.00 346.00 OK
r-oldrel-macos-arm64 3.1 152.00 OK
r-oldrel-macos-x86_64 3.1 332.00 OK
r-oldrel-windows-x86_64 3.1 52.00 390.00 442.00 OK

Check Details

Version: 3.1
Check: Rd cross-references
Result: NOTE Found the following Rd file(s) with Rd \link{} targets missing package anchors: allel.rich.Rd: genind allele.dist.Rd: genind bilby.Rd: genind gd.kosman.Rd: genind gd.smouse.Rd: genind genleastcost.Rd: gdistance, rSPDistance landgenreport.Rd: gdistance, rSPDistance null.all.Rd: genind popgenreport.Rd: genind, import2genind, df2genind, read.fstat, read.structure, read.genetix, read.genepop, Mercator, dismo, knitr, adegenet, pegas, mmod read.genetable.Rd: genind-class, adegenet, import2genind, df2genind, read.fstat, read.structure, read.genetix, read.genepop Please provide package anchors for all Rd \link{} targets not in the package itself and the base packages. Flavors: r-devel-linux-x86_64-debian-gcc, r-devel-windows-x86_64