CRAN Package Check Results for Package PolicyPortfolios

Last updated on 2024-07-25 06:52:24 CEST.

Flavor Version Tinstall Tcheck Ttotal Status Flags
r-devel-linux-x86_64-debian-clang 0.3 12.03 123.85 135.88 OK
r-devel-linux-x86_64-debian-gcc 0.3 9.28 92.31 101.59 NOTE
r-devel-linux-x86_64-fedora-clang 0.3 170.96 NOTE
r-devel-linux-x86_64-fedora-gcc 0.3 186.76 NOTE
r-devel-windows-x86_64 0.3 13.00 104.00 117.00 NOTE
r-patched-linux-x86_64 0.3 14.98 117.10 132.08 OK
r-release-linux-x86_64 0.3 9.15 118.55 127.70 OK
r-release-macos-arm64 0.3 51.00 OK
r-release-macos-x86_64 0.3 84.00 OK
r-release-windows-x86_64 0.3 11.00 104.00 115.00 OK
r-oldrel-macos-arm64 0.3 56.00 OK
r-oldrel-macos-x86_64 0.3 92.00 OK
r-oldrel-windows-x86_64 0.3 15.00 127.00 142.00 OK

Check Details

Version: 0.3
Check: Rd cross-references
Result: NOTE Found the following Rd file(s) with Rd \link{} targets missing package anchors: pp_measures.Rd: diversity Please provide package anchors for all Rd \link{} targets not in the package itself and the base packages. Flavors: r-devel-linux-x86_64-debian-gcc, r-devel-windows-x86_64

Version: 0.3
Check: data for non-ASCII characters
Result: NOTE Note: found 21 marked UTF-8 strings Flavors: r-devel-linux-x86_64-fedora-clang, r-devel-linux-x86_64-fedora-gcc