CRAN Package Check Results for Package PlatformDesign

Last updated on 2024-07-21 18:54:19 CEST.

Flavor Version Tinstall Tcheck Ttotal Status Flags
r-devel-linux-x86_64-debian-clang 2.1.4 2.87 41.74 44.61 NOTE
r-devel-linux-x86_64-debian-gcc 2.1.4 2.07 31.50 33.57 NOTE
r-devel-linux-x86_64-fedora-clang 2.1.4 56.93 NOTE
r-devel-linux-x86_64-fedora-gcc 2.1.4 70.67 NOTE
r-devel-windows-x86_64 2.1.4 4.00 57.00 61.00 NOTE
r-patched-linux-x86_64 2.1.4 3.11 40.56 43.67 NOTE
r-release-linux-x86_64 2.1.4 2.09 40.50 42.59 NOTE
r-release-macos-arm64 2.1.4 32.00 NOTE
r-release-macos-x86_64 2.1.4 38.00 NOTE
r-release-windows-x86_64 2.1.4 4.00 56.00 60.00 NOTE
r-oldrel-macos-arm64 2.1.4 29.00 OK
r-oldrel-macos-x86_64 2.1.4 36.00 OK
r-oldrel-windows-x86_64 2.1.4 4.00 59.00 63.00 OK

Check Details

Version: 2.1.4
Check: Rd files
Result: NOTE checkRd: (-1) one_design.Rd:125-126: Lost braces 125 | function serves for the purpose of spot-testing for any pre-specified {n, | ^ Flavors: r-devel-linux-x86_64-debian-clang, r-devel-linux-x86_64-debian-gcc, r-devel-linux-x86_64-fedora-clang, r-devel-linux-x86_64-fedora-gcc, r-devel-windows-x86_64, r-patched-linux-x86_64, r-release-linux-x86_64, r-release-macos-arm64, r-release-macos-x86_64, r-release-windows-x86_64