CRAN Package Check Results for Package PhylogeneticEM

Last updated on 2024-07-24 06:57:23 CEST.

Flavor Version Tinstall Tcheck Ttotal Status Flags
r-devel-linux-x86_64-debian-clang 1.7.0 51.07 520.01 571.08 OK
r-devel-linux-x86_64-debian-gcc 1.7.0 38.61 377.25 415.86 NOTE
r-devel-linux-x86_64-fedora-clang 1.7.0 723.23 OK
r-devel-linux-x86_64-fedora-gcc 1.7.0 748.57 OK
r-devel-windows-x86_64 1.7.0 47.00 366.00 413.00 NOTE
r-patched-linux-x86_64 1.7.0 61.59 489.78 551.37 OK
r-release-linux-x86_64 1.7.0 44.60 482.83 527.43 OK
r-release-macos-arm64 1.7.0 167.00 NOTE
r-release-macos-x86_64 1.7.0 274.00 NOTE
r-release-windows-x86_64 1.7.0 51.00 365.00 416.00 OK
r-oldrel-macos-arm64 1.7.0 179.00 NOTE
r-oldrel-macos-x86_64 1.7.0 424.00 NOTE
r-oldrel-windows-x86_64 1.7.0 56.00 498.00 554.00 OK

Check Details

Version: 1.7.0
Check: Rd cross-references
Result: NOTE Found the following Rd file(s) with Rd \link{} targets missing package anchors: PhyloEM.Rd: ape, is.ultrametric, di2multi estimateEM.Rd: ape plot.PhyloEM.Rd: plot.phylo plot.equivalent_shifts.Rd: plot.phylo plot.params_process.Rd: plot.phylo Please provide package anchors for all Rd \link{} targets not in the package itself and the base packages. Flavors: r-devel-linux-x86_64-debian-gcc, r-devel-windows-x86_64

Version: 1.7.0
Check: installed package size
Result: NOTE installed size is 5.1Mb sub-directories of 1Mb or more: libs 3.5Mb Flavors: r-release-macos-arm64, r-release-macos-x86_64, r-oldrel-macos-arm64, r-oldrel-macos-x86_64