CRAN Package Check Results for Package Phase12Compare

Last updated on 2024-07-13 06:49:47 CEST.

Flavor Version Tinstall Tcheck Ttotal Status Flags
r-devel-linux-x86_64-debian-clang 1.5 48.84 42.35 91.19 NOTE
r-devel-linux-x86_64-debian-gcc 1.5 29.84 31.65 61.49 NOTE
r-devel-linux-x86_64-fedora-clang 1.5 122.81 NOTE
r-devel-linux-x86_64-fedora-gcc 1.5 130.21 NOTE
r-devel-windows-x86_64 1.5 36.00 78.00 114.00 NOTE
r-patched-linux-x86_64 1.5 39.33 39.75 79.08 NOTE
r-release-linux-x86_64 1.5 42.10 39.69 81.79 NOTE
r-release-macos-arm64 1.5 31.00 NOTE
r-release-macos-x86_64 1.5 43.00 NOTE
r-release-windows-x86_64 1.5 36.00 71.00 107.00 NOTE
r-oldrel-macos-arm64 1.5 36.00 OK
r-oldrel-macos-x86_64 1.5 67.00 OK
r-oldrel-windows-x86_64 1.5 45.00 87.00 132.00 OK

Check Details

Version: 1.5
Check: Rd files
Result: NOTE checkRd: (-1) GetEfftoxContour.Rd:37: Lost braces; missing escapes or markup? 37 | \item{Contour}{Contour vector for desirability function. Contains in order: (pi_{1,E},pi_{2,T},pi_{3,E},pi_{4,T}).} | ^ checkRd: (-1) GetEfftoxContour.Rd:37: Lost braces; missing escapes or markup? 37 | \item{Contour}{Contour vector for desirability function. Contains in order: (pi_{1,E},pi_{2,T},pi_{3,E},pi_{4,T}).} | ^ checkRd: (-1) GetEfftoxContour.Rd:37: Lost braces; missing escapes or markup? 37 | \item{Contour}{Contour vector for desirability function. Contains in order: (pi_{1,E},pi_{2,T},pi_{3,E},pi_{4,T}).} | ^ checkRd: (-1) GetEfftoxContour.Rd:37: Lost braces; missing escapes or markup? 37 | \item{Contour}{Contour vector for desirability function. Contains in order: (pi_{1,E},pi_{2,T},pi_{3,E},pi_{4,T}).} | ^ checkRd: (-1) GetEfftoxContour.Rd:47: Lost braces; missing escapes or markup? 47 | \item{HypermeansEFF}{Hypermeans for the Efftox model. In order, entries are hypermeans for (beta_{0,E},beta_{1,E},beta_{2,E},beta_{0,T},beta_{1,T},psi).} | ^ checkRd: (-1) GetEfftoxContour.Rd:47: Lost braces; missing escapes or markup? 47 | \item{HypermeansEFF}{Hypermeans for the Efftox model. In order, entries are hypermeans for (beta_{0,E},beta_{1,E},beta_{2,E},beta_{0,T},beta_{1,T},psi).} | ^ checkRd: (-1) GetEfftoxContour.Rd:47: Lost braces; missing escapes or markup? 47 | \item{HypermeansEFF}{Hypermeans for the Efftox model. In order, entries are hypermeans for (beta_{0,E},beta_{1,E},beta_{2,E},beta_{0,T},beta_{1,T},psi).} | ^ checkRd: (-1) GetEfftoxContour.Rd:47: Lost braces; missing escapes or markup? 47 | \item{HypermeansEFF}{Hypermeans for the Efftox model. In order, entries are hypermeans for (beta_{0,E},beta_{1,E},beta_{2,E},beta_{0,T},beta_{1,T},psi).} | ^ checkRd: (-1) GetEfftoxContour.Rd:47: Lost braces; missing escapes or markup? 47 | \item{HypermeansEFF}{Hypermeans for the Efftox model. In order, entries are hypermeans for (beta_{0,E},beta_{1,E},beta_{2,E},beta_{0,T},beta_{1,T},psi).} | ^ checkRd: (-1) GetEfftoxContour.Rd:49: Lost braces; missing escapes or markup? 49 | \item{HypervarsEFF}{Hypervariances for the Efftox model. In order, entries are hypervariances for (beta_{0,E},beta_{1,E},beta_{2,E},beta_{0,T},beta_{1,T},psi).} | ^ checkRd: (-1) GetEfftoxContour.Rd:49: Lost braces; missing escapes or markup? 49 | \item{HypervarsEFF}{Hypervariances for the Efftox model. In order, entries are hypervariances for (beta_{0,E},beta_{1,E},beta_{2,E},beta_{0,T},beta_{1,T},psi).} | ^ checkRd: (-1) GetEfftoxContour.Rd:49: Lost braces; missing escapes or markup? 49 | \item{HypervarsEFF}{Hypervariances for the Efftox model. In order, entries are hypervariances for (beta_{0,E},beta_{1,E},beta_{2,E},beta_{0,T},beta_{1,T},psi).} | ^ checkRd: (-1) GetEfftoxContour.Rd:49: Lost braces; missing escapes or markup? 49 | \item{HypervarsEFF}{Hypervariances for the Efftox model. In order, entries are hypervariances for (beta_{0,E},beta_{1,E},beta_{2,E},beta_{0,T},beta_{1,T},psi).} | ^ checkRd: (-1) GetEfftoxContour.Rd:49: Lost braces; missing escapes or markup? 49 | \item{HypervarsEFF}{Hypervariances for the Efftox model. In order, entries are hypervariances for (beta_{0,E},beta_{1,E},beta_{2,E},beta_{0,T},beta_{1,T},psi).} | ^ checkRd: (-1) GetEfftoxUt.Rd:47: Lost braces; missing escapes or markup? 47 | \item{HypermeansEFF}{Hypermeans for the Efftox model. In order, entries are hypermeans for (beta_{0,E},beta_{1,E},beta_{2,E},beta_{0,T},beta_{1,T},psi).} | ^ checkRd: (-1) GetEfftoxUt.Rd:47: Lost braces; missing escapes or markup? 47 | \item{HypermeansEFF}{Hypermeans for the Efftox model. In order, entries are hypermeans for (beta_{0,E},beta_{1,E},beta_{2,E},beta_{0,T},beta_{1,T},psi).} | ^ checkRd: (-1) GetEfftoxUt.Rd:47: Lost braces; missing escapes or markup? 47 | \item{HypermeansEFF}{Hypermeans for the Efftox model. In order, entries are hypermeans for (beta_{0,E},beta_{1,E},beta_{2,E},beta_{0,T},beta_{1,T},psi).} | ^ checkRd: (-1) GetEfftoxUt.Rd:47: Lost braces; missing escapes or markup? 47 | \item{HypermeansEFF}{Hypermeans for the Efftox model. In order, entries are hypermeans for (beta_{0,E},beta_{1,E},beta_{2,E},beta_{0,T},beta_{1,T},psi).} | ^ checkRd: (-1) GetEfftoxUt.Rd:47: Lost braces; missing escapes or markup? 47 | \item{HypermeansEFF}{Hypermeans for the Efftox model. In order, entries are hypermeans for (beta_{0,E},beta_{1,E},beta_{2,E},beta_{0,T},beta_{1,T},psi).} | ^ checkRd: (-1) GetEfftoxUt.Rd:49: Lost braces; missing escapes or markup? 49 | \item{HypervarsEFF}{Hypervariances for the Efftox model. In order, entries are hypervariances for (beta_{0,E},beta_{1,E},beta_{2,E},beta_{0,T},beta_{1,T},psi).} | ^ checkRd: (-1) GetEfftoxUt.Rd:49: Lost braces; missing escapes or markup? 49 | \item{HypervarsEFF}{Hypervariances for the Efftox model. In order, entries are hypervariances for (beta_{0,E},beta_{1,E},beta_{2,E},beta_{0,T},beta_{1,T},psi).} | ^ checkRd: (-1) GetEfftoxUt.Rd:49: Lost braces; missing escapes or markup? 49 | \item{HypervarsEFF}{Hypervariances for the Efftox model. In order, entries are hypervariances for (beta_{0,E},beta_{1,E},beta_{2,E},beta_{0,T},beta_{1,T},psi).} | ^ checkRd: (-1) GetEfftoxUt.Rd:49: Lost braces; missing escapes or markup? 49 | \item{HypervarsEFF}{Hypervariances for the Efftox model. In order, entries are hypervariances for (beta_{0,E},beta_{1,E},beta_{2,E},beta_{0,T},beta_{1,T},psi).} | ^ checkRd: (-1) GetEfftoxUt.Rd:49: Lost braces; missing escapes or markup? 49 | \item{HypervarsEFF}{Hypervariances for the Efftox model. In order, entries are hypervariances for (beta_{0,E},beta_{1,E},beta_{2,E},beta_{0,T},beta_{1,T},psi).} | ^ checkRd: (-1) GetSpsoContour.Rd:35: Lost braces; missing escapes or markup? 35 | \item{Contour}{Contour vector for desirability function. Contains in order: (pi_{1,E},pi_{2,T},pi_{3,E},pi_{4,T}).} | ^ checkRd: (-1) GetSpsoContour.Rd:35: Lost braces; missing escapes or markup? 35 | \item{Contour}{Contour vector for desirability function. Contains in order: (pi_{1,E},pi_{2,T},pi_{3,E},pi_{4,T}).} | ^ checkRd: (-1) GetSpsoContour.Rd:35: Lost braces; missing escapes or markup? 35 | \item{Contour}{Contour vector for desirability function. Contains in order: (pi_{1,E},pi_{2,T},pi_{3,E},pi_{4,T}).} | ^ checkRd: (-1) GetSpsoContour.Rd:35: Lost braces; missing escapes or markup? 35 | \item{Contour}{Contour vector for desirability function. Contains in order: (pi_{1,E},pi_{2,T},pi_{3,E},pi_{4,T}).} | ^ checkRd: (-1) SimEfftoxContour.Rd:39: Lost braces; missing escapes or markup? 39 | \item{Contour}{Contour vector for desirability function. Contains in order: (pi_{1,E},pi_{2,T},pi_{3,E},pi_{4,T}).} | ^ checkRd: (-1) SimEfftoxContour.Rd:39: Lost braces; missing escapes or markup? 39 | \item{Contour}{Contour vector for desirability function. Contains in order: (pi_{1,E},pi_{2,T},pi_{3,E},pi_{4,T}).} | ^ checkRd: (-1) SimEfftoxContour.Rd:39: Lost braces; missing escapes or markup? 39 | \item{Contour}{Contour vector for desirability function. Contains in order: (pi_{1,E},pi_{2,T},pi_{3,E},pi_{4,T}).} | ^ checkRd: (-1) SimEfftoxContour.Rd:39: Lost braces; missing escapes or markup? 39 | \item{Contour}{Contour vector for desirability function. Contains in order: (pi_{1,E},pi_{2,T},pi_{3,E},pi_{4,T}).} | ^ checkRd: (-1) SimEfftoxContour.Rd:49: Lost braces; missing escapes or markup? 49 | \item{HypermeansEFF}{Hypermeans for the Efftox model. In order, entries are hypermeans for (beta_{0,E},beta_{1,E},beta_{2,E},beta_{0,T},beta_{1,T},psi).} | ^ checkRd: (-1) SimEfftoxContour.Rd:49: Lost braces; missing escapes or markup? 49 | \item{HypermeansEFF}{Hypermeans for the Efftox model. In order, entries are hypermeans for (beta_{0,E},beta_{1,E},beta_{2,E},beta_{0,T},beta_{1,T},psi).} | ^ checkRd: (-1) SimEfftoxContour.Rd:49: Lost braces; missing escapes or markup? 49 | \item{HypermeansEFF}{Hypermeans for the Efftox model. In order, entries are hypermeans for (beta_{0,E},beta_{1,E},beta_{2,E},beta_{0,T},beta_{1,T},psi).} | ^ checkRd: (-1) SimEfftoxContour.Rd:49: Lost braces; missing escapes or markup? 49 | \item{HypermeansEFF}{Hypermeans for the Efftox model. In order, entries are hypermeans for (beta_{0,E},beta_{1,E},beta_{2,E},beta_{0,T},beta_{1,T},psi).} | ^ checkRd: (-1) SimEfftoxContour.Rd:49: Lost braces; missing escapes or markup? 49 | \item{HypermeansEFF}{Hypermeans for the Efftox model. In order, entries are hypermeans for (beta_{0,E},beta_{1,E},beta_{2,E},beta_{0,T},beta_{1,T},psi).} | ^ checkRd: (-1) SimEfftoxContour.Rd:51: Lost braces; missing escapes or markup? 51 | \item{HypervarsEFF}{Hypervariances for the Efftox model. In order, entries are hypervariances for (beta_{0,E},beta_{1,E},beta_{2,E},beta_{0,T},beta_{1,T},psi).} | ^ checkRd: (-1) SimEfftoxContour.Rd:51: Lost braces; missing escapes or markup? 51 | \item{HypervarsEFF}{Hypervariances for the Efftox model. In order, entries are hypervariances for (beta_{0,E},beta_{1,E},beta_{2,E},beta_{0,T},beta_{1,T},psi).} | ^ checkRd: (-1) SimEfftoxContour.Rd:51: Lost braces; missing escapes or markup? 51 | \item{HypervarsEFF}{Hypervariances for the Efftox model. In order, entries are hypervariances for (beta_{0,E},beta_{1,E},beta_{2,E},beta_{0,T},beta_{1,T},psi).} | ^ checkRd: (-1) SimEfftoxContour.Rd:51: Lost braces; missing escapes or markup? 51 | \item{HypervarsEFF}{Hypervariances for the Efftox model. In order, entries are hypervariances for (beta_{0,E},beta_{1,E},beta_{2,E},beta_{0,T},beta_{1,T},psi).} | ^ checkRd: (-1) SimEfftoxContour.Rd:51: Lost braces; missing escapes or markup? 51 | \item{HypervarsEFF}{Hypervariances for the Efftox model. In order, entries are hypervariances for (beta_{0,E},beta_{1,E},beta_{2,E},beta_{0,T},beta_{1,T},psi).} | ^ checkRd: (-1) SimEfftoxUt.Rd:49: Lost braces; missing escapes or markup? 49 | \item{HypermeansEFF}{Hypermeans for the Efftox model. In order, entries are hypermeans for (beta_{0,E},beta_{1,E},beta_{2,E},beta_{0,T},beta_{1,T},psi).} | ^ checkRd: (-1) SimEfftoxUt.Rd:49: Lost braces; missing escapes or markup? 49 | \item{HypermeansEFF}{Hypermeans for the Efftox model. In order, entries are hypermeans for (beta_{0,E},beta_{1,E},beta_{2,E},beta_{0,T},beta_{1,T},psi).} | ^ checkRd: (-1) SimEfftoxUt.Rd:49: Lost braces; missing escapes or markup? 49 | \item{HypermeansEFF}{Hypermeans for the Efftox model. In order, entries are hypermeans for (beta_{0,E},beta_{1,E},beta_{2,E},beta_{0,T},beta_{1,T},psi).} | ^ checkRd: (-1) SimEfftoxUt.Rd:49: Lost braces; missing escapes or markup? 49 | \item{HypermeansEFF}{Hypermeans for the Efftox model. In order, entries are hypermeans for (beta_{0,E},beta_{1,E},beta_{2,E},beta_{0,T},beta_{1,T},psi).} | ^ checkRd: (-1) SimEfftoxUt.Rd:49: Lost braces; missing escapes or markup? 49 | \item{HypermeansEFF}{Hypermeans for the Efftox model. In order, entries are hypermeans for (beta_{0,E},beta_{1,E},beta_{2,E},beta_{0,T},beta_{1,T},psi).} | ^ checkRd: (-1) SimEfftoxUt.Rd:51: Lost braces; missing escapes or markup? 51 | \item{HypervarsEFF}{Hypervariances for the Efftox model. In order, entries are hypervariances for (beta_{0,E},beta_{1,E},beta_{2,E},beta_{0,T},beta_{1,T},psi).} | ^ checkRd: (-1) SimEfftoxUt.Rd:51: Lost braces; missing escapes or markup? 51 | \item{HypervarsEFF}{Hypervariances for the Efftox model. In order, entries are hypervariances for (beta_{0,E},beta_{1,E},beta_{2,E},beta_{0,T},beta_{1,T},psi).} | ^ checkRd: (-1) SimEfftoxUt.Rd:51: Lost braces; missing escapes or markup? 51 | \item{HypervarsEFF}{Hypervariances for the Efftox model. In order, entries are hypervariances for (beta_{0,E},beta_{1,E},beta_{2,E},beta_{0,T},beta_{1,T},psi).} | ^ checkRd: (-1) SimEfftoxUt.Rd:51: Lost braces; missing escapes or markup? 51 | \item{HypervarsEFF}{Hypervariances for the Efftox model. In order, entries are hypervariances for (beta_{0,E},beta_{1,E},beta_{2,E},beta_{0,T},beta_{1,T},psi).} | ^ checkRd: (-1) SimEfftoxUt.Rd:51: Lost braces; missing escapes or markup? 51 | \item{HypervarsEFF}{Hypervariances for the Efftox model. In order, entries are hypervariances for (beta_{0,E},beta_{1,E},beta_{2,E},beta_{0,T},beta_{1,T},psi).} | ^ checkRd: (-1) SimSpsoContour.Rd:37: Lost braces; missing escapes or markup? 37 | \item{Contour}{Contour vector for desirability function. Contains in order: (pi_{1,E},pi_{2,T},pi_{3,E},pi_{4,T}).} | ^ checkRd: (-1) SimSpsoContour.Rd:37: Lost braces; missing escapes or markup? 37 | \item{Contour}{Contour vector for desirability function. Contains in order: (pi_{1,E},pi_{2,T},pi_{3,E},pi_{4,T}).} | ^ checkRd: (-1) SimSpsoContour.Rd:37: Lost braces; missing escapes or markup? 37 | \item{Contour}{Contour vector for desirability function. Contains in order: (pi_{1,E},pi_{2,T},pi_{3,E},pi_{4,T}).} | ^ checkRd: (-1) SimSpsoContour.Rd:37: Lost braces; missing escapes or markup? 37 | \item{Contour}{Contour vector for desirability function. Contains in order: (pi_{1,E},pi_{2,T},pi_{3,E},pi_{4,T}).} | ^ Flavors: r-devel-linux-x86_64-debian-clang, r-devel-linux-x86_64-debian-gcc, r-devel-linux-x86_64-fedora-clang, r-devel-linux-x86_64-fedora-gcc, r-devel-windows-x86_64, r-patched-linux-x86_64, r-release-linux-x86_64, r-release-macos-arm64, r-release-macos-x86_64, r-release-windows-x86_64