CRAN Package Check Results for Package PartialNetwork

Last updated on 2024-06-13 17:49:21 CEST.

Flavor Version Tinstall Tcheck Ttotal Status Flags
r-devel-linux-x86_64-debian-clang 1.0.4 430.68 140.21 570.89 OK
r-devel-linux-x86_64-debian-gcc 1.0.4 286.06 82.11 368.17 ERROR
r-devel-linux-x86_64-fedora-clang 1.0.4 816.92 NOTE
r-devel-linux-x86_64-fedora-gcc 1.0.4 879.02 OK
r-devel-windows-x86_64 1.0.4 295.00 206.00 501.00 NOTE
r-patched-linux-x86_64 1.0.4 376.65 137.63 514.28 OK
r-release-linux-x86_64 1.0.4 382.87 138.65 521.52 OK
r-release-macos-arm64 1.0.4 188.00 NOTE
r-release-macos-x86_64 1.0.4 183.00 NOTE
r-release-windows-x86_64 1.0.4 296.00 210.00 506.00 NOTE
r-oldrel-macos-arm64 1.0.4 187.00 NOTE
r-oldrel-macos-x86_64 1.0.4 240.00 NOTE
r-oldrel-windows-x86_64 1.0.4 367.00 225.00 592.00 NOTE

Additional issues

donttest

Check Details

Version: 1.0.4
Check: package dependencies
Result: NOTE Packages suggested but not available for checking: 'AER', 'CDatanet', 'ggplot2' Flavor: r-devel-linux-x86_64-debian-gcc

Version: 1.0.4
Check: re-building of vignette outputs
Result: ERROR Error(s) in re-building vignettes: ... --- re-building ‘PartialNetwork_vignette.Rmd’ using rmarkdown Quitting from lines 39-72 [IV1] (PartialNetwork_vignette.Rmd) Error: processing vignette 'PartialNetwork_vignette.Rmd' failed with diagnostics: there is no package called 'CDatanet' --- failed re-building ‘PartialNetwork_vignette.Rmd’ SUMMARY: processing the following file failed: ‘PartialNetwork_vignette.Rmd’ Error: Vignette re-building failed. Execution halted Flavor: r-devel-linux-x86_64-debian-gcc

Version: 1.0.4
Check: installed package size
Result: NOTE installed size is 5.9Mb sub-directories of 1Mb or more: doc 3.1Mb libs 2.5Mb Flavors: r-devel-linux-x86_64-fedora-clang, r-devel-windows-x86_64, r-release-macos-arm64, r-release-macos-x86_64, r-release-windows-x86_64, r-oldrel-macos-arm64, r-oldrel-macos-x86_64, r-oldrel-windows-x86_64