CRAN Package Check Results for Package PSGoft

Last updated on 2024-07-21 18:54:20 CEST.

Flavor Version Tinstall Tcheck Ttotal Status Flags
r-devel-linux-x86_64-debian-clang 0.0.1 1.71 288.82 290.53 NOTE
r-devel-linux-x86_64-debian-gcc 0.0.1 1.64 200.63 202.27 NOTE
r-devel-linux-x86_64-fedora-clang 0.0.1 343.91 NOTE
r-devel-linux-x86_64-fedora-gcc 0.0.1 354.18 NOTE
r-devel-windows-x86_64 0.0.1 3.00 203.00 206.00 NOTE
r-patched-linux-x86_64 0.0.1 2.22 268.66 270.88 NOTE
r-release-linux-x86_64 0.0.1 2.03 277.24 279.27 NOTE
r-release-macos-arm64 0.0.1 88.00 NOTE
r-release-macos-x86_64 0.0.1 219.00 NOTE
r-release-windows-x86_64 0.0.1 3.00 198.00 201.00 NOTE
r-oldrel-macos-arm64 0.0.1 119.00 OK
r-oldrel-macos-x86_64 0.0.1 246.00 OK
r-oldrel-windows-x86_64 0.0.1 4.00 272.00 276.00 OK

Check Details

Version: 0.0.1
Check: Rd files
Result: NOTE checkRd: (-1) data1.Rd:14: Lost braces 14 | The data set from {AbouRizk, S.M., Halpin, D.W., Wilson, J. R. (1994). \emph{Fitting beta distributions based on sample data.} Journal of Construction Engineering and Management 120(2), 288–305.} | ^ checkRd: (-1) data2.Rd:14: Lost braces; missing escapes or markup? 14 | The data set presents the height of 99 five-year-old British boys in cm downloaded from {http://www.mas.ncl.ac.uk/njnsm/medfac/docs/intro.pdf.} | ^ Flavors: r-devel-linux-x86_64-debian-clang, r-devel-linux-x86_64-debian-gcc, r-devel-linux-x86_64-fedora-clang, r-devel-linux-x86_64-fedora-gcc, r-devel-windows-x86_64, r-patched-linux-x86_64, r-release-linux-x86_64, r-release-macos-arm64, r-release-macos-x86_64, r-release-windows-x86_64