CRAN Package Check Results for Package PSGD

Last updated on 2024-07-13 18:55:42 CEST.

Flavor Version Tinstall Tcheck Ttotal Status Flags
r-devel-linux-x86_64-debian-clang 1.0.3 131.83 35.59 167.42 OK
r-devel-linux-x86_64-debian-gcc 1.0.3 89.00 27.10 116.10 OK
r-devel-linux-x86_64-fedora-clang 1.0.3 237.08 OK
r-devel-linux-x86_64-fedora-gcc 1.0.3 251.80 OK
r-devel-windows-x86_64 1.0.3 105.00 69.00 174.00 OK
r-patched-linux-x86_64 1.0.3 97.04 34.64 131.68 OK
r-release-linux-x86_64 1.0.3 99.39 34.20 133.59 OK
r-release-macos-arm64 1.0.3 85.00 NOTE
r-release-macos-x86_64 1.0.3 86.00 NOTE
r-release-windows-x86_64 1.0.3 104.00 68.00 172.00 OK
r-oldrel-macos-arm64 1.0.3 58.00 NOTE
r-oldrel-macos-x86_64 1.0.3 72.00 NOTE
r-oldrel-windows-x86_64 1.0.3 129.00 76.00 205.00 OK

Check Details

Version: 1.0.3
Check: installed package size
Result: NOTE installed size is 5.1Mb sub-directories of 1Mb or more: libs 5.0Mb Flavors: r-release-macos-arm64, r-release-macos-x86_64, r-oldrel-macos-arm64, r-oldrel-macos-x86_64