CRAN Package Check Results for Package PPLasso

Last updated on 2024-07-21 18:54:19 CEST.

Flavor Version Tinstall Tcheck Ttotal Status Flags
r-devel-linux-x86_64-debian-clang 2.0 11.04 113.41 124.45 OK
r-devel-linux-x86_64-debian-gcc 2.0 10.87 83.53 94.40 NOTE
r-devel-linux-x86_64-fedora-clang 2.0 163.97 OK
r-devel-linux-x86_64-fedora-gcc 2.0 200.56 OK
r-devel-windows-x86_64 2.0 13.00 93.00 106.00 NOTE
r-patched-linux-x86_64 2.0 18.36 109.65 128.01 OK
r-release-linux-x86_64 2.0 11.38 107.60 118.98 OK
r-release-macos-arm64 2.0 58.00 OK
r-release-macos-x86_64 2.0 87.00 OK
r-release-windows-x86_64 2.0 12.00 96.00 108.00 OK
r-oldrel-macos-arm64 2.0 61.00 OK
r-oldrel-macos-x86_64 2.0 95.00 OK
r-oldrel-windows-x86_64 2.0 16.00 118.00 134.00 OK

Check Details

Version: 2.0
Check: Rd cross-references
Result: NOTE Found the following Rd file(s) with Rd \link{} targets missing package anchors: ProgPredLasso.Rd: cvCovEst Please provide package anchors for all Rd \link{} targets not in the package itself and the base packages. Flavors: r-devel-linux-x86_64-debian-gcc, r-devel-windows-x86_64