CRAN Package Check Results for Package PLmixed

Last updated on 2024-07-16 07:01:47 CEST.

Flavor Version Tinstall Tcheck Ttotal Status Flags
r-devel-linux-x86_64-debian-clang 0.1.7 9.60 399.57 409.17 OK
r-devel-linux-x86_64-debian-gcc 0.1.7 7.25 314.59 321.84 OK
r-devel-linux-x86_64-fedora-clang 0.1.7 513.24 OK
r-devel-linux-x86_64-fedora-gcc 0.1.7 577.74 OK
r-devel-windows-x86_64 0.1.7 9.00 104.00 113.00 NOTE --no-vignettes
r-patched-linux-x86_64 0.1.7 12.01 427.94 439.95 OK
r-release-linux-x86_64 0.1.7 8.48 413.46 421.94 OK
r-release-macos-arm64 0.1.7 169.00 OK
r-release-macos-x86_64 0.1.7 251.00 OK
r-release-windows-x86_64 0.1.7 10.00 107.00 117.00 OK --no-vignettes
r-oldrel-macos-arm64 0.1.7 188.00 OK
r-oldrel-macos-x86_64 0.1.7 333.00 OK
r-oldrel-windows-x86_64 0.1.7 12.00 104.00 116.00 OK --no-vignettes

Check Details

Version: 0.1.7
Flags: --no-vignettes
Check: Rd cross-references
Result: NOTE Found the following Rd file(s) with Rd \link{} targets missing package anchors: PLmixed-package.Rd: lme4, optimx PLmixed.Rd: lme4, glmer, optimx, lmerControl, glmerControl, lmer coef.PLmod.Rd: coef.merMod fitted.PLmod.Rd: fitted.merMod fixef.PLmod.Rd: fixef.merMod plot.PLmod.Rd: plot.merMod predict.PLmod.Rd: predict.merMod ranef.PLmod.Rd: ranef.merMod residuals.PLmod.Rd: residuals.merMod simulate.PLmod.Rd: simulate.merMod Please provide package anchors for all Rd \link{} targets not in the package itself and the base packages. Flavor: r-devel-windows-x86_64