CRAN Package Check Results for Package PBIR

Last updated on 2024-07-18 18:48:17 CEST.

Flavor Version Tinstall Tcheck Ttotal Status Flags
r-devel-linux-x86_64-debian-clang 0.1-0 8.81 80.79 89.60 NOTE
r-devel-linux-x86_64-debian-gcc 0.1-0 4.53 60.44 64.97 NOTE
r-devel-linux-x86_64-fedora-clang 0.1-0 111.23 NOTE
r-devel-linux-x86_64-fedora-gcc 0.1-0 128.62 NOTE
r-devel-windows-x86_64 0.1-0 7.00 90.00 97.00 NOTE
r-patched-linux-x86_64 0.1-0 6.40 78.43 84.83 NOTE
r-release-linux-x86_64 0.1-0 6.43 75.59 82.02 NOTE
r-release-macos-arm64 0.1-0 42.00 NOTE
r-release-macos-x86_64 0.1-0 74.00 NOTE
r-release-windows-x86_64 0.1-0 7.00 90.00 97.00 NOTE
r-oldrel-macos-arm64 0.1-0 46.00 NOTE
r-oldrel-macos-x86_64 0.1-0 62.00 NOTE
r-oldrel-windows-x86_64 0.1-0 9.00 102.00 111.00 NOTE

Check Details

Version: 0.1-0
Check: LazyData
Result: NOTE 'LazyData' is specified without a 'data' directory Flavors: r-devel-linux-x86_64-debian-clang, r-devel-linux-x86_64-debian-gcc, r-devel-linux-x86_64-fedora-clang, r-devel-linux-x86_64-fedora-gcc, r-devel-windows-x86_64, r-patched-linux-x86_64, r-release-linux-x86_64, r-release-macos-arm64, r-release-macos-x86_64, r-release-windows-x86_64, r-oldrel-macos-arm64, r-oldrel-macos-x86_64, r-oldrel-windows-x86_64