CRAN Package Check Results for Package PACVr

Last updated on 2024-06-14 05:58:32 CEST.

Flavor Version Tinstall Tcheck Ttotal Status Flags
r-devel-linux-x86_64-debian-clang 1.0.11 9.47 72.01 81.48 OK
r-devel-linux-x86_64-debian-gcc 1.0.11 0.48 1.58 2.06 ERROR
r-devel-linux-x86_64-fedora-clang 1.0.11 104.09 OK
r-devel-linux-x86_64-fedora-gcc 1.0.11 113.07 OK
r-devel-windows-x86_64 1.0.11 9.00 79.00 88.00 OK
r-patched-linux-x86_64 1.0.11 6.35 68.54 74.89 OK
r-release-linux-x86_64 1.0.11 6.22 68.17 74.39 OK
r-release-macos-arm64 1.0.11 38.00 OK
r-release-macos-x86_64 1.0.11 56.00 OK
r-release-windows-x86_64 1.0.11 10.00 80.00 90.00 OK
r-oldrel-macos-arm64 1.0.11 43.00 OK
r-oldrel-macos-x86_64 1.0.11 83.00 OK
r-oldrel-windows-x86_64 1.0.11 12.00 86.00 98.00 OK

Check Details

Version: 1.0.11
Check: package dependencies
Result: ERROR Packages required but not available: 'dplyr', 'tidyr' Package suggested but not available for checking: ‘testthat’ See section ‘The DESCRIPTION file’ in the ‘Writing R Extensions’ manual. Flavor: r-devel-linux-x86_64-debian-gcc