CRAN Package Check Results for Package OSLdecomposition

Last updated on 2024-07-19 06:50:22 CEST.

Flavor Version Tinstall Tcheck Ttotal Status Flags
r-devel-linux-x86_64-debian-clang 1.0.0 6.01 73.73 79.74 NOTE
r-devel-linux-x86_64-debian-gcc 1.0.0 4.48 54.34 58.82 NOTE
r-devel-linux-x86_64-fedora-clang 1.0.0 96.13 NOTE
r-devel-linux-x86_64-fedora-gcc 1.0.0 91.28 NOTE
r-devel-windows-x86_64 1.0.0 7.00 80.00 87.00 NOTE
r-patched-linux-x86_64 1.0.0 13.24 70.28 83.52 NOTE
r-release-linux-x86_64 1.0.0 3.85 70.41 74.26 NOTE
r-release-macos-arm64 1.0.0 32.00 NOTE
r-release-macos-x86_64 1.0.0 45.00 NOTE
r-release-windows-x86_64 1.0.0 7.00 78.00 85.00 NOTE
r-oldrel-macos-arm64 1.0.0 36.00 OK
r-oldrel-macos-x86_64 1.0.0 48.00 OK
r-oldrel-windows-x86_64 1.0.0 8.00 90.00 98.00 OK

Check Details

Version: 1.0.0
Check: Rd files
Result: NOTE checkRd: (-1) RLum.OSL_decomposition.Rd:90-91: Lost braces 90 | \item \link{optimise_OSLintervals}: {Approximates the optimal integration intervals. Uses the global | ^ checkRd: (-1) RLum.OSL_decomposition.Rd:92-94: Lost braces 92 | \item \link{decompose_OSLcurve}: {Calculates component intensities for \strong{all} \code{record_type} measurements. | ^ checkRd: (-1) fit_OSLcurve.Rd:97: Lost braces; missing escapes or markup? 97 | fitting with the \emph{RSS_{K-1}} value of the previous fitting and calculates | ^ Flavors: r-devel-linux-x86_64-debian-clang, r-devel-linux-x86_64-debian-gcc, r-devel-linux-x86_64-fedora-clang, r-devel-linux-x86_64-fedora-gcc, r-devel-windows-x86_64, r-patched-linux-x86_64, r-release-linux-x86_64, r-release-macos-arm64, r-release-macos-x86_64, r-release-windows-x86_64

Version: 1.0.0
Check: Rd cross-references
Result: NOTE Undeclared package ‘knitr’ in Rd xrefs Flavor: r-devel-linux-x86_64-fedora-clang

Version: 1.0.0
Check: Rd cross-references
Result: NOTE Found the following Rd file(s) with Rd \link{} targets missing package anchors: RLum.OSL_correction.Rd: RLum.Analysis-class, Luminescence-package RLum.OSL_decomposition.Rd: RLum.Analysis-class, Luminescence-package, rmarkdown, rmarkdown-package, RLum.Data.Curve-class RLum.OSL_global_fitting.Rd: RLum.Analysis-class, Luminescence-package, rmarkdown, rmarkdown-package decompose_OSLcurve.Rd: RLum.Data.Curve-class fit_OSLcurve.Rd: RLum.Data.Curve-class optimise_OSLintervals.Rd: RLum.Data.Curve-class plot_OSLcurve.Rd: RLum.Data.Curve-class, ggplot2, ggplot2-package plot_PhotoCrosssections.Rd: ggplot2-package sum_OSLcurves.Rd: RLum.Analysis-class, ggplot2 Please provide package anchors for all Rd \link{} targets not in the package itself and the base packages. Flavor: r-devel-windows-x86_64