CRAN Package Check Results for Package NlcOptim

Last updated on 2024-07-22 06:49:14 CEST.

Flavor Version Tinstall Tcheck Ttotal Status Flags
r-devel-linux-x86_64-debian-clang 0.6 3.38 30.65 34.03 NOTE
r-devel-linux-x86_64-debian-gcc 0.6 3.03 23.73 26.76 NOTE
r-devel-linux-x86_64-fedora-clang 0.6 44.06 NOTE
r-devel-linux-x86_64-fedora-gcc 0.6 40.61 NOTE
r-devel-windows-x86_64 0.6 4.00 44.00 48.00 NOTE
r-patched-linux-x86_64 0.6 3.26 30.11 33.37 NOTE
r-release-linux-x86_64 0.6 3.03 29.24 32.27 NOTE
r-release-macos-arm64 0.6 16.00 NOTE
r-release-macos-x86_64 0.6 26.00 NOTE
r-release-windows-x86_64 0.6 4.00 43.00 47.00 NOTE
r-oldrel-macos-arm64 0.6 17.00 NOTE
r-oldrel-macos-x86_64 0.6 23.00 NOTE
r-oldrel-windows-x86_64 0.6 4.00 44.00 48.00 NOTE

Check Details

Version: 0.6
Check: LazyData
Result: NOTE 'LazyData' is specified without a 'data' directory Flavors: r-devel-linux-x86_64-debian-clang, r-devel-linux-x86_64-debian-gcc, r-devel-linux-x86_64-fedora-clang, r-devel-linux-x86_64-fedora-gcc, r-devel-windows-x86_64, r-patched-linux-x86_64, r-release-linux-x86_64, r-release-macos-arm64, r-release-macos-x86_64, r-release-windows-x86_64, r-oldrel-macos-arm64, r-oldrel-macos-x86_64, r-oldrel-windows-x86_64