CRAN Package Check Results for Package NetWeaver

Last updated on 2024-07-18 18:48:16 CEST.

Flavor Version Tinstall Tcheck Ttotal Status Flags
r-devel-linux-x86_64-debian-clang 0.0.6 3.20 123.21 126.41 NOTE
r-devel-linux-x86_64-debian-gcc 0.0.6 3.20 97.39 100.59 NOTE
r-devel-linux-x86_64-fedora-clang 0.0.6 166.89 NOTE
r-devel-linux-x86_64-fedora-gcc 0.0.6 177.38 NOTE
r-devel-windows-x86_64 0.0.6 5.00 80.00 85.00 NOTE
r-patched-linux-x86_64 0.0.6 4.39 121.05 125.44 NOTE
r-release-linux-x86_64 0.0.6 4.40 120.90 125.30 NOTE
r-release-macos-arm64 0.0.6 35.00 NOTE
r-release-macos-x86_64 0.0.6 56.00 NOTE
r-release-windows-x86_64 0.0.6 4.00 79.00 83.00 NOTE
r-oldrel-macos-arm64 0.0.6 33.00 OK
r-oldrel-macos-x86_64 0.0.6 55.00 OK
r-oldrel-windows-x86_64 0.0.6 5.00 86.00 91.00 OK

Check Details

Version: 0.0.6
Check: Rd files
Result: NOTE checkRd: (-1) rc.plot.ideogram.Rd:20: Lost braces; missing escapes or markup? 20 | \item{las}{numeric in {0,1,2,3}; the style of chromosome labels. 0, always parallel to the track [default]; 1, always horizontal; 2, always perpendicular to the track; 3, always vertical.} | ^ Flavors: r-devel-linux-x86_64-debian-clang, r-devel-linux-x86_64-debian-gcc, r-devel-linux-x86_64-fedora-clang, r-devel-linux-x86_64-fedora-gcc, r-devel-windows-x86_64, r-patched-linux-x86_64, r-release-linux-x86_64, r-release-macos-arm64, r-release-macos-x86_64, r-release-windows-x86_64