CRAN Package Check Results for Package NetPreProc

Last updated on 2024-07-13 06:49:46 CEST.

Flavor Version Tinstall Tcheck Ttotal Status Flags
r-devel-linux-x86_64-debian-clang 1.2 5.26 47.07 52.33 OK
r-devel-linux-x86_64-debian-gcc 1.2 4.16 35.51 39.67 OK
r-devel-linux-x86_64-fedora-clang 1.2 66.52 NOTE
r-devel-linux-x86_64-fedora-gcc 1.2 62.03 NOTE
r-devel-windows-x86_64 1.2 7.00 59.00 66.00 OK
r-patched-linux-x86_64 1.2 4.35 43.39 47.74 OK
r-release-linux-x86_64 1.2 5.00 44.91 49.91 OK
r-release-macos-arm64 1.2 25.00 OK
r-release-macos-x86_64 1.2 41.00 OK
r-release-windows-x86_64 1.2 6.00 58.00 64.00 OK
r-oldrel-macos-arm64 1.2 25.00 OK
r-oldrel-macos-x86_64 1.2 38.00 OK
r-oldrel-windows-x86_64 1.2 9.00 62.00 71.00 OK

Check Details

Version: 1.2
Check: compiled code
Result: NOTE File ‘NetPreProc/libs/NetPreProc.so’: Found no calls to: ‘R_registerRoutines’, ‘R_useDynamicSymbols’ It is good practice to register native routines and to disable symbol search. See ‘Writing portable packages’ in the ‘Writing R Extensions’ manual. Flavors: r-devel-linux-x86_64-fedora-clang, r-devel-linux-x86_64-fedora-gcc