CRAN Package Check Results for Package NBShiny

Last updated on 2024-07-20 18:57:37 CEST.

Flavor Version Tinstall Tcheck Ttotal Status Flags
r-devel-linux-x86_64-debian-clang 0.1.0 2.23 20.82 23.05 NOTE
r-devel-linux-x86_64-debian-gcc 0.1.0 1.81 15.95 17.76 NOTE
r-devel-linux-x86_64-fedora-clang 0.1.0 29.33 NOTE
r-devel-linux-x86_64-fedora-gcc 0.1.0 27.86 NOTE
r-devel-windows-x86_64 0.1.0 3.00 37.00 40.00 NOTE
r-patched-linux-x86_64 0.1.0 1.67 19.98 21.65 NOTE
r-release-linux-x86_64 0.1.0 1.56 19.77 21.33 NOTE
r-release-macos-arm64 0.1.0 16.00 NOTE
r-release-macos-x86_64 0.1.0 23.00 NOTE
r-release-windows-x86_64 0.1.0 4.00 38.00 42.00 NOTE
r-oldrel-macos-arm64 0.1.0 16.00 NOTE
r-oldrel-macos-x86_64 0.1.0 20.00 NOTE
r-oldrel-windows-x86_64 0.1.0 5.00 39.00 44.00 NOTE

Check Details

Version: 0.1.0
Check: LazyData
Result: NOTE 'LazyData' is specified without a 'data' directory Flavors: r-devel-linux-x86_64-debian-clang, r-devel-linux-x86_64-debian-gcc, r-devel-linux-x86_64-fedora-clang, r-devel-linux-x86_64-fedora-gcc, r-devel-windows-x86_64, r-patched-linux-x86_64, r-release-linux-x86_64, r-release-macos-arm64, r-release-macos-x86_64, r-release-windows-x86_64, r-oldrel-macos-arm64, r-oldrel-macos-x86_64, r-oldrel-windows-x86_64

Version: 0.1.0
Check: dependencies in R code
Result: NOTE Namespaces in Imports field not imported from: ‘caret’ ‘datasets’ ‘dplyr’ ‘e1071’ ‘rhandsontable’ ‘shiny’ All declared Imports should be used. Flavors: r-devel-linux-x86_64-fedora-clang, r-devel-linux-x86_64-fedora-gcc