CRAN Package Check Results for Package MultiBD

Last updated on 2024-07-18 18:48:16 CEST.

Flavor Version Tinstall Tcheck Ttotal Status Flags
r-devel-linux-x86_64-debian-clang 0.2.0 112.12 156.59 268.71 NOTE
r-devel-linux-x86_64-debian-gcc 0.2.0 67.65 112.16 179.81 NOTE
r-devel-linux-x86_64-fedora-clang 0.2.0 378.04 NOTE
r-devel-linux-x86_64-fedora-gcc 0.2.0 394.06 NOTE
r-devel-windows-x86_64 0.2.0 88.00 149.00 237.00 NOTE
r-patched-linux-x86_64 0.2.0 89.38 165.36 254.74 NOTE
r-release-linux-x86_64 0.2.0 91.14 161.67 252.81 NOTE
r-release-macos-arm64 0.2.0 74.00 NOTE
r-release-macos-x86_64 0.2.0 148.00 WARN
r-release-windows-x86_64 0.2.0 89.00 150.00 239.00 NOTE
r-oldrel-macos-arm64 0.2.0 84.00 NOTE
r-oldrel-macos-x86_64 0.2.0 177.00 NOTE
r-oldrel-windows-x86_64 0.2.0 84.00 165.00 249.00 NOTE

Additional issues

Intel

Check Details

Version: 0.2.0
Check: C++ specification
Result: NOTE Specified C++11: please drop specification unless essential Flavors: r-devel-linux-x86_64-debian-clang, r-devel-linux-x86_64-debian-gcc, r-devel-linux-x86_64-fedora-clang, r-devel-linux-x86_64-fedora-gcc, r-devel-windows-x86_64, r-patched-linux-x86_64, r-release-linux-x86_64, r-release-macos-arm64, r-release-macos-x86_64, r-release-windows-x86_64, r-oldrel-macos-arm64, r-oldrel-macos-x86_64, r-oldrel-windows-x86_64

Version: 0.2.0
Check: compiled code
Result: NOTE File ‘MultiBD/libs/MultiBD.so’: Found no calls to: ‘R_registerRoutines’, ‘R_useDynamicSymbols’ It is good practice to register native routines and to disable symbol search. See ‘Writing portable packages’ in the ‘Writing R Extensions’ manual. Flavors: r-devel-linux-x86_64-fedora-clang, r-devel-linux-x86_64-fedora-gcc

Version: 0.2.0
Check: installed package size
Result: NOTE installed size is 6.1Mb sub-directories of 1Mb or more: libs 4.5Mb Flavors: r-release-macos-arm64, r-release-macos-x86_64, r-oldrel-macos-arm64, r-oldrel-macos-x86_64

Version: 0.2.0
Check: re-building of vignette outputs
Result: WARN Error(s) in re-building vignettes: --- re-building ‘SIR-MCMC.Rmd’ using rmarkdown --- finished re-building ‘SIR-MCMC.Rmd’ --- re-building ‘SIRtrans.Rnw’ using knitr Error: processing vignette 'SIRtrans.Rnw' failed with diagnostics: Running 'texi2dvi' on 'SIRtrans.tex' failed. LaTeX errors: ! Undefined control sequence. l.132 \hlkwd{library}\hldef {(matrixStats)} ? ! Emergency stop. ! Emergency stop. l.132 End of file on the terminal! ! ==> Fatal error occurred, no output PDF file produced! --- failed re-building ‘SIRtrans.Rnw’ SUMMARY: processing the following file failed: ‘SIRtrans.Rnw’ Error: Vignette re-building failed. Execution halted Flavor: r-release-macos-x86_64