CRAN Package Check Results for Package Mega2R

Last updated on 2024-07-25 06:52:19 CEST.

Flavor Version Tinstall Tcheck Ttotal Status Flags
r-devel-linux-x86_64-debian-clang 1.1.0 63.36 490.58 553.94 OK
r-devel-linux-x86_64-debian-gcc 1.1.0 45.11 374.05 419.16 NOTE
r-devel-linux-x86_64-fedora-clang 1.1.0 713.12 OK
r-devel-linux-x86_64-fedora-gcc 1.1.0 758.20 OK
r-devel-windows-x86_64 1.1.0 50.00 408.00 458.00 NOTE
r-patched-linux-x86_64 1.1.0 49.14 472.72 521.86 OK
r-release-linux-x86_64 1.1.0 36.92 487.40 524.32 OK
r-release-macos-arm64 1.1.0 150.00 NOTE
r-release-macos-x86_64 1.1.0 230.00 NOTE
r-release-windows-x86_64 1.1.0 57.00 418.00 475.00 OK
r-oldrel-macos-arm64 1.1.0 223.00 OK
r-oldrel-macos-x86_64 1.1.0 407.00 OK
r-oldrel-windows-x86_64 1.1.0 68.00 532.00 600.00 OK

Check Details

Version: 1.1.0
Check: Rd cross-references
Result: NOTE Found the following Rd file(s) with Rd \link{} targets missing package anchors: Mega2gdsfmt.Rd: gdsfmt Please provide package anchors for all Rd \link{} targets not in the package itself and the base packages. Flavors: r-devel-linux-x86_64-debian-gcc, r-devel-windows-x86_64

Version: 1.1.0
Check: package dependencies
Result: NOTE Package suggested but not available for checking: ‘TxDb.Hsapiens.UCSC.hg19.knownGene’ Flavors: r-release-macos-arm64, r-release-macos-x86_64