CRAN Package Check Results for Package MediaK

Last updated on 2024-07-23 07:07:20 CEST.

Flavor Version Tinstall Tcheck Ttotal Status Flags
r-devel-linux-x86_64-debian-clang 1.0 19.93 27.42 47.35 NOTE
r-devel-linux-x86_64-debian-gcc 1.0 15.04 21.81 36.85 NOTE
r-devel-linux-x86_64-fedora-clang 1.0 82.63 NOTE
r-devel-linux-x86_64-fedora-gcc 1.0 69.89 NOTE
r-devel-windows-x86_64 1.0 20.00 56.00 76.00 NOTE
r-patched-linux-x86_64 1.0 22.60 26.29 48.89 NOTE
r-release-linux-x86_64 1.0 19.06 27.24 46.30 NOTE
r-release-macos-arm64 1.0 22.00 NOTE
r-release-macos-x86_64 1.0 31.00 NOTE
r-release-windows-x86_64 1.0 23.00 55.00 78.00 NOTE
r-oldrel-macos-arm64 1.0 28.00 NOTE
r-oldrel-macos-x86_64 1.0 38.00 NOTE
r-oldrel-windows-x86_64 1.0 23.00 66.00 89.00 NOTE

Check Details

Version: 1.0
Check: LazyData
Result: NOTE 'LazyData' is specified without a 'data' directory Flavors: r-devel-linux-x86_64-debian-clang, r-devel-linux-x86_64-debian-gcc, r-devel-linux-x86_64-fedora-clang, r-devel-linux-x86_64-fedora-gcc, r-devel-windows-x86_64, r-patched-linux-x86_64, r-release-linux-x86_64, r-release-macos-arm64, r-release-macos-x86_64, r-release-windows-x86_64, r-oldrel-macos-arm64, r-oldrel-macos-x86_64, r-oldrel-windows-x86_64

Version: 1.0
Check: compiled code
Result: NOTE File ‘MediaK/libs/MediaK.so’: Found no calls to: ‘R_registerRoutines’, ‘R_useDynamicSymbols’ It is good practice to register native routines and to disable symbol search. See ‘Writing portable packages’ in the ‘Writing R Extensions’ manual. Flavors: r-devel-linux-x86_64-fedora-clang, r-devel-linux-x86_64-fedora-gcc