CRAN Package Check Results for Package MatrixModels

Last updated on 2024-07-17 06:57:57 CEST.

Flavor Version Tinstall Tcheck Ttotal Status Flags
r-devel-linux-x86_64-debian-clang 0.5-3 13.19 80.75 93.94 OK
r-devel-linux-x86_64-debian-gcc 0.5-3 8.59 62.10 70.69 OK
r-devel-linux-x86_64-fedora-clang 0.5-3 116.91 OK
r-devel-linux-x86_64-fedora-gcc 0.5-3 121.43 OK
r-devel-windows-x86_64 0.5-3 10.00 84.00 94.00 NOTE
r-patched-linux-x86_64 0.5-3 10.46 77.11 87.57 OK
r-release-linux-x86_64 0.5-3 10.24 79.05 89.29 OK
r-release-macos-arm64 0.5-3 36.00 OK
r-release-macos-x86_64 0.5-3 63.00 OK
r-release-windows-x86_64 0.5-3 10.00 86.00 96.00 OK
r-oldrel-macos-arm64 0.5-3 28.00 OK
r-oldrel-macos-x86_64 0.5-3 70.00 OK
r-oldrel-windows-x86_64 0.5-3 12.00 93.00 105.00 OK

Check Details

Version: 0.5-3
Check: Rd cross-references
Result: NOTE Found the following Rd file(s) with Rd \link{} targets missing package anchors: lm.fit.sparse.Rd: dsparseMatrix-class, sparse.model.matrix model.Matrix.Rd: sparse.model.matrix modelMatrix-class.Rd: dgCMatrix-class, Matrix-class, dgeMatrix-class, sparse.model.matrix predModule-class.Rd: Cholesky-class, CHMfactor-class Please provide package anchors for all Rd \link{} targets not in the package itself and the base packages. Flavor: r-devel-windows-x86_64