CRAN Package Check Results for Package MatrixExtra

Last updated on 2024-07-17 06:57:57 CEST.

Flavor Version Tinstall Tcheck Ttotal Status Flags
r-devel-linux-x86_64-debian-clang 0.1.15 162.44 224.28 386.72 OK
r-devel-linux-x86_64-debian-gcc 0.1.15 125.91 161.84 287.75 OK
r-devel-linux-x86_64-fedora-clang 0.1.15 505.06 OK
r-devel-linux-x86_64-fedora-gcc 0.1.15 570.45 OK
r-devel-windows-x86_64 0.1.15 129.00 179.00 308.00 OK
r-patched-linux-x86_64 0.1.15 145.03 209.77 354.80 OK
r-release-linux-x86_64 0.1.15 138.35 215.61 353.96 OK
r-release-macos-arm64 0.1.15 172.00 NOTE
r-release-macos-x86_64 0.1.15 211.00 NOTE
r-release-windows-x86_64 0.1.15 131.00 182.00 313.00 OK
r-oldrel-macos-arm64 0.1.15 124.00 NOTE
r-oldrel-macos-x86_64 0.1.15 268.00 NOTE
r-oldrel-windows-x86_64 0.1.15 135.00 240.00 375.00 OK

Check Details

Version: 0.1.15
Check: installed package size
Result: NOTE installed size is 11.3Mb sub-directories of 1Mb or more: R 2.1Mb libs 9.0Mb Flavors: r-release-macos-arm64, r-release-macos-x86_64, r-oldrel-macos-arm64, r-oldrel-macos-x86_64