CRAN Package Check Results for Package MatrixCorrelation

Last updated on 2024-07-12 18:52:18 CEST.

Flavor Version Tinstall Tcheck Ttotal Status Flags
r-devel-linux-x86_64-debian-clang 0.10.0 64.62 86.79 151.41 NOTE
r-devel-linux-x86_64-debian-gcc 0.10.0 47.57 65.96 113.53 NOTE
r-devel-linux-x86_64-fedora-clang 0.10.0 216.06 NOTE
r-devel-linux-x86_64-fedora-gcc 0.10.0 218.73 NOTE
r-devel-windows-x86_64 0.10.0 58.00 99.00 157.00 NOTE
r-patched-linux-x86_64 0.10.0 56.06 81.43 137.49 NOTE
r-release-linux-x86_64 0.10.0 55.92 84.03 139.95 NOTE
r-release-macos-arm64 0.10.0 47.00 NOTE
r-release-macos-x86_64 0.10.0 98.00 NOTE
r-release-windows-x86_64 0.10.0 58.00 98.00 156.00 NOTE
r-oldrel-macos-arm64 0.10.0 57.00 OK
r-oldrel-macos-x86_64 0.10.0 95.00 OK
r-oldrel-windows-x86_64 0.10.0 71.00 122.00 193.00 OK

Check Details

Version: 0.10.0
Check: Rd files
Result: NOTE checkRd: (-1) MatrixCorrelation.Rd:17: Lost braces in \itemize; meant \describe ? checkRd: (-1) MatrixCorrelation.Rd:18-19: Lost braces in \itemize; meant \describe ? checkRd: (-1) MatrixCorrelation.Rd:20-21: Lost braces in \itemize; meant \describe ? checkRd: (-1) MatrixCorrelation.Rd:22-23: Lost braces in \itemize; meant \describe ? checkRd: (-1) MatrixCorrelation.Rd:24-25: Lost braces in \itemize; meant \describe ? checkRd: (-1) MatrixCorrelation.Rd:26-27: Lost braces in \itemize; meant \describe ? checkRd: (-1) MatrixCorrelation.Rd:28-29: Lost braces in \itemize; meant \describe ? checkRd: (-1) RV.Rd:61-62: Lost braces in \itemize; meant \describe ? checkRd: (-1) RV.Rd:63-64: Lost braces in \itemize; meant \describe ? checkRd: (-1) RV.Rd:65-66: Lost braces in \itemize; meant \describe ? checkRd: (-1) RV.Rd:67-68: Lost braces in \itemize; meant \describe ? checkRd: (-1) allCorrelations.Rd:63: Lost braces in \itemize; meant \describe ? checkRd: (-1) allCorrelations.Rd:64-65: Lost braces in \itemize; meant \describe ? checkRd: (-1) allCorrelations.Rd:66-67: Lost braces in \itemize; meant \describe ? checkRd: (-1) allCorrelations.Rd:68-69: Lost braces in \itemize; meant \describe ? checkRd: (-1) allCorrelations.Rd:70-71: Lost braces in \itemize; meant \describe ? checkRd: (-1) allCorrelations.Rd:72-73: Lost braces in \itemize; meant \describe ? checkRd: (-1) allCorrelations.Rd:74-75: Lost braces in \itemize; meant \describe ? checkRd: (-1) r1.Rd:71: Lost braces in \itemize; meant \describe ? checkRd: (-1) r1.Rd:72: Lost braces in \itemize; meant \describe ? checkRd: (-1) r1.Rd:73: Lost braces in \itemize; meant \describe ? checkRd: (-1) r1.Rd:74: Lost braces in \itemize; meant \describe ? checkRd: (-1) r1.Rd:75: Lost braces in \itemize; meant \describe ? Flavors: r-devel-linux-x86_64-debian-clang, r-devel-linux-x86_64-debian-gcc, r-devel-linux-x86_64-fedora-clang, r-devel-linux-x86_64-fedora-gcc, r-devel-windows-x86_64, r-patched-linux-x86_64, r-release-linux-x86_64, r-release-macos-arm64, r-release-macos-x86_64, r-release-windows-x86_64