CRAN Package Check Results for Package MBmca

Last updated on 2024-07-22 18:52:26 CEST.

Flavor Version Tinstall Tcheck Ttotal Status Flags
r-devel-linux-x86_64-debian-clang 1.0.1-3 11.87 117.91 129.78 OK
r-devel-linux-x86_64-debian-gcc 1.0.1-3 10.62 88.99 99.61 NOTE
r-devel-linux-x86_64-fedora-clang 1.0.1-3 181.10 OK
r-devel-linux-x86_64-fedora-gcc 1.0.1-3 185.30 OK
r-devel-windows-x86_64 1.0.1-3 11.00 114.00 125.00 NOTE
r-patched-linux-x86_64 1.0.1-3 17.65 115.09 132.74 OK
r-release-linux-x86_64 1.0.1-3 11.16 114.24 125.40 OK
r-release-macos-arm64 1.0.1-3 50.00 OK
r-release-macos-x86_64 1.0.1-3 128.00 OK
r-release-windows-x86_64 1.0.1-3 11.00 114.00 125.00 OK
r-oldrel-macos-arm64 1.0.1-3 57.00 OK
r-oldrel-macos-x86_64 1.0.1-3 90.00 OK
r-oldrel-windows-x86_64 1.0.1-3 16.00 133.00 149.00 OK

Check Details

Version: 1.0.1-3
Check: Rd cross-references
Result: NOTE Found the following Rd file(s) with Rd \link{} targets missing package anchors: mcaSmoother.Rd: lmrob Please provide package anchors for all Rd \link{} targets not in the package itself and the base packages. Flavors: r-devel-linux-x86_64-debian-gcc, r-devel-windows-x86_64