CRAN Package Check Results for Package MARMoT

Last updated on 2024-06-14 05:58:28 CEST.

Flavor Version Tinstall Tcheck Ttotal Status Flags
r-devel-linux-x86_64-debian-clang 0.0.4 2.84 38.33 41.17 OK
r-devel-linux-x86_64-debian-gcc 0.0.4 0.30 1.55 1.85 ERROR
r-devel-linux-x86_64-fedora-clang 0.0.4 51.41 OK
r-devel-linux-x86_64-fedora-gcc 0.0.4 48.13 OK
r-devel-windows-x86_64 0.0.4 3.00 50.00 53.00 OK
r-patched-linux-x86_64 0.0.4 2.08 36.19 38.27 OK
r-release-linux-x86_64 0.0.4 2.71 36.40 39.11 OK
r-release-macos-arm64 0.0.4 19.00 OK
r-release-macos-x86_64 0.0.4 30.00 OK
r-release-windows-x86_64 0.0.4 3.00 51.00 54.00 OK
r-oldrel-macos-arm64 0.0.4 26.00 OK
r-oldrel-macos-x86_64 0.0.4 41.00 OK
r-oldrel-windows-x86_64 0.0.4 5.00 54.00 59.00 OK

Check Details

Version: 0.0.4
Check: package dependencies
Result: ERROR Package required but not available: ‘parsec’ Package suggested but not available for checking: ‘testthat’ See section ‘The DESCRIPTION file’ in the ‘Writing R Extensions’ manual. Flavor: r-devel-linux-x86_64-debian-gcc