CRAN Package Check Results for Package MADPop

Last updated on 2024-07-24 06:57:19 CEST.

Flavor Version Tinstall Tcheck Ttotal Status Flags
r-devel-linux-x86_64-debian-clang 1.1.7 157.21 220.81 378.02 NOTE
r-devel-linux-x86_64-debian-gcc 1.1.7 132.31 176.82 309.13 NOTE
r-devel-linux-x86_64-fedora-clang 1.1.7 482.82 NOTE
r-devel-linux-x86_64-fedora-gcc 1.1.7 615.17 NOTE
r-devel-windows-x86_64 1.1.7 144.00 220.00 364.00 NOTE
r-patched-linux-x86_64 1.1.7 106.21 258.25 364.46 NOTE
r-release-linux-x86_64 1.1.7 116.65 251.93 368.58 NOTE
r-release-macos-arm64 1.1.7 126.00 NOTE
r-release-macos-x86_64 1.1.7 226.00 NOTE
r-release-windows-x86_64 1.1.7 133.00 221.00 354.00 NOTE
r-oldrel-macos-arm64 1.1.7 131.00 NOTE
r-oldrel-macos-x86_64 1.1.7 275.00 NOTE
r-oldrel-windows-x86_64 1.1.7 164.00 261.00 425.00 NOTE

Check Details

Version: 1.1.7
Check: for GNU extensions in Makefiles
Result: NOTE GNU make is a SystemRequirements. Flavors: r-devel-linux-x86_64-debian-clang, r-devel-linux-x86_64-debian-gcc, r-devel-linux-x86_64-fedora-clang, r-devel-linux-x86_64-fedora-gcc, r-devel-windows-x86_64, r-patched-linux-x86_64, r-release-linux-x86_64, r-release-macos-arm64, r-release-macos-x86_64, r-release-windows-x86_64, r-oldrel-macos-arm64, r-oldrel-macos-x86_64, r-oldrel-windows-x86_64

Version: 1.1.7
Check: installed package size
Result: NOTE installed size is 38.4Mb sub-directories of 1Mb or more: libs 38.0Mb Flavors: r-release-macos-arm64, r-release-macos-x86_64, r-oldrel-macos-arm64, r-oldrel-macos-x86_64