Last updated on 2025-06-19 12:48:48 CEST.
Flavor | Version | Tinstall | Tcheck | Ttotal | Status | Flags |
---|---|---|---|---|---|---|
r-devel-linux-x86_64-debian-clang | 0.9.2 | 11.98 | 263.55 | 275.53 | OK | |
r-devel-linux-x86_64-debian-gcc | 0.9.2 | 6.63 | 172.14 | 178.77 | OK | |
r-devel-linux-x86_64-fedora-clang | 0.9.2 | 453.76 | OK | |||
r-devel-linux-x86_64-fedora-gcc | 0.9.2 | 446.31 | OK | |||
r-devel-windows-x86_64 | 0.9.2 | 12.00 | 271.00 | 283.00 | OK | |
r-patched-linux-x86_64 | 0.9.2 | 14.27 | 252.19 | 266.46 | OK | |
r-release-linux-x86_64 | 0.9.2 | 9.67 | 250.69 | 260.36 | OK | |
r-release-macos-arm64 | 0.9.2 | 118.00 | OK | |||
r-release-macos-x86_64 | 0.9.2 | 213.00 | OK | |||
r-release-windows-x86_64 | 0.9.2 | 13.00 | 288.00 | 301.00 | OK | |
r-oldrel-macos-arm64 | 0.9.2 | 119.00 | OK | |||
r-oldrel-macos-x86_64 | 0.5.3 | 160.00 | NOTE | |||
r-oldrel-windows-x86_64 | 0.9.2 | 18.00 | 364.00 | 382.00 | OK |
Version: 0.5.3
Check: installed package size
Result: NOTE
installed size is 5.0Mb
sub-directories of 1Mb or more:
extdata 2.9Mb
help 1.4Mb
Flavor: r-oldrel-macos-x86_64