CRAN Package Check Results for Package LaplacesDemon

Last updated on 2024-07-18 06:57:27 CEST.

Flavor Version Tinstall Tcheck Ttotal Status Flags
r-devel-linux-x86_64-debian-clang 16.1.6 57.26 329.77 387.03 NOTE
r-devel-linux-x86_64-debian-gcc 16.1.6 37.73 231.97 269.70 NOTE
r-devel-linux-x86_64-fedora-clang 16.1.6 467.19 NOTE
r-devel-linux-x86_64-fedora-gcc 16.1.6 450.56 NOTE
r-devel-windows-x86_64 16.1.6 39.00 306.00 345.00 NOTE
r-patched-linux-x86_64 16.1.6 59.12 320.79 379.91 NOTE
r-release-linux-x86_64 16.1.6 46.63 319.90 366.53 NOTE
r-release-macos-arm64 16.1.6 97.00 NOTE
r-release-macos-x86_64 16.1.6 180.00 NOTE
r-release-windows-x86_64 16.1.6 42.00 308.00 350.00 NOTE
r-oldrel-macos-arm64 16.1.6 114.00 NOTE
r-oldrel-macos-x86_64 16.1.6 207.00 NOTE
r-oldrel-windows-x86_64 16.1.6 49.00 337.00 386.00 NOTE

Check Details

Version: 16.1.6
Check: Rd files
Result: NOTE checkRd: (-1) LML.Rd:43: Lost braces 43 | is specified only with the \code{GD}, code{HME}, or \code{NSIS} | ^ checkRd: (-1) LaplaceApproximation.Rd:485: Escaped LaTeX specials: \& checkRd: (-1) LossMatrix.Rd:115: Escaped LaTeX specials: \& checkRd: (-1) LossMatrix.Rd:117: Escaped LaTeX specials: \& checkRd: (-1) MISS.Rd:106: Lost braces 106 | code{Fit$Imp}. In the presence of numerous missing values, say more | ^ checkRd: (-1) Matrices.Rd:316: Lost braces 316 | Gauss-Hermite quadrature rules. A grid of order eqn{K} provides an | ^ checkRd: (-1) PMC.Rd:214: Lost braces 214 | item{nu}{This is the degrees of freedom parameter \eqn{\nu}{nu} for | ^ checkRd: (-1) PMC.Rd:214-215: Lost braces 214 | item{nu}{This is the degrees of freedom parameter \eqn{\nu}{nu} for | ^ checkRd: (-1) caterpillar.plot.Rd:15: Lost braces 15 | code{demonoid.hpc}, \code{iterquad}, \code{laplace}, \code{pmc}, | ^ Flavors: r-devel-linux-x86_64-debian-clang, r-devel-linux-x86_64-debian-gcc, r-devel-linux-x86_64-fedora-clang, r-devel-linux-x86_64-fedora-gcc, r-devel-windows-x86_64, r-patched-linux-x86_64, r-release-linux-x86_64, r-release-macos-arm64, r-release-macos-x86_64, r-release-windows-x86_64

Version: 16.1.6
Check: installed package size
Result: NOTE installed size is 5.4Mb sub-directories of 1Mb or more: R 2.1Mb doc 1.7Mb help 1.1Mb Flavors: r-release-macos-arm64, r-release-macos-x86_64, r-oldrel-macos-arm64, r-oldrel-macos-x86_64

Version: 16.1.6
Check: Rd files
Result: NOTE checkRd: (-1) LaplaceApproximation.Rd:485: Escaped LaTeX specials: \& checkRd: (-1) LossMatrix.Rd:115: Escaped LaTeX specials: \& checkRd: (-1) LossMatrix.Rd:117: Escaped LaTeX specials: \& Flavors: r-oldrel-macos-arm64, r-oldrel-macos-x86_64, r-oldrel-windows-x86_64