Last updated on 2025-01-20 19:49:17 CET.
Flavor | Version | Tinstall | Tcheck | Ttotal | Status | Flags |
---|---|---|---|---|---|---|
r-devel-linux-x86_64-debian-clang | 0.2.0 | 356.48 | 408.44 | 764.92 | OK | |
r-devel-linux-x86_64-debian-gcc | 0.2.0 | 308.39 | 264.93 | 573.32 | OK | |
r-devel-linux-x86_64-fedora-clang | 0.2.0 | 1227.36 | NOTE | |||
r-devel-linux-x86_64-fedora-gcc | 0.2.0 | 1451.60 | NOTE | |||
r-devel-windows-x86_64 | 0.2.0 | 289.00 | 382.00 | 671.00 | OK | |
r-patched-linux-x86_64 | 0.2.0 | 346.83 | 417.77 | 764.60 | NOTE | |
r-release-linux-x86_64 | 0.2.0 | 408.00 | 419.99 | 827.99 | NOTE | |
r-release-macos-arm64 | 0.2.0 | 265.00 | NOTE | |||
r-release-macos-x86_64 | 0.2.0 | 390.00 | NOTE | |||
r-release-windows-x86_64 | 0.2.0 | 287.00 | 369.00 | 656.00 | NOTE | |
r-oldrel-macos-arm64 | 0.2.0 | 258.00 | NOTE | |||
r-oldrel-macos-x86_64 | 0.2.0 | 466.00 | NOTE | |||
r-oldrel-windows-x86_64 | 0.2.0 | 429.00 | 532.00 | 961.00 | NOTE |
Version: 0.2.0
Check: dependencies in R code
Result: NOTE
Namespaces in Imports field not imported from:
‘RcppParallel’ ‘rstantools’
All declared Imports should be used.
Flavors: r-devel-linux-x86_64-fedora-clang, r-devel-linux-x86_64-fedora-gcc
Version: 0.2.0
Check: for GNU extensions in Makefiles
Result: NOTE
GNU make is a SystemRequirements.
Flavors: r-patched-linux-x86_64, r-release-linux-x86_64, r-release-macos-arm64, r-release-macos-x86_64, r-release-windows-x86_64, r-oldrel-macos-arm64, r-oldrel-macos-x86_64, r-oldrel-windows-x86_64
Version: 0.2.0
Check: installed package size
Result: NOTE
installed size is 99.4Mb
sub-directories of 1Mb or more:
libs 98.4Mb
Flavors: r-release-macos-arm64, r-release-macos-x86_64, r-oldrel-macos-arm64, r-oldrel-macos-x86_64