CRAN Package Check Results for Package LLM

Last updated on 2024-07-20 18:57:34 CEST.

Flavor Version Tinstall Tcheck Ttotal Status Flags
r-devel-linux-x86_64-debian-clang 1.1.0 15.48 157.13 172.61 NOTE
r-devel-linux-x86_64-debian-gcc 1.1.0 13.11 111.86 124.97 NOTE
r-devel-linux-x86_64-fedora-clang 1.1.0 226.28 NOTE
r-devel-linux-x86_64-fedora-gcc 1.1.0 229.68 NOTE
r-devel-windows-x86_64 1.1.0 15.00 115.00 130.00 NOTE
r-patched-linux-x86_64 1.1.0 16.94 151.07 168.01 NOTE
r-release-linux-x86_64 1.1.0 10.13 148.49 158.62 NOTE
r-release-macos-arm64 1.1.0 61.00 NOTE
r-release-macos-x86_64 1.1.0 93.00 NOTE
r-release-windows-x86_64 1.1.0 14.00 116.00 130.00 NOTE
r-oldrel-macos-arm64 1.1.0 62.00 NOTE
r-oldrel-macos-x86_64 1.1.0 102.00 NOTE
r-oldrel-windows-x86_64 1.1.0 18.00 138.00 156.00 NOTE

Check Details

Version: 1.1.0
Check: LazyData
Result: NOTE 'LazyData' is specified without a 'data' directory Flavors: r-devel-linux-x86_64-debian-clang, r-devel-linux-x86_64-debian-gcc, r-devel-linux-x86_64-fedora-clang, r-devel-linux-x86_64-fedora-gcc, r-devel-windows-x86_64, r-patched-linux-x86_64, r-release-linux-x86_64, r-release-macos-arm64, r-release-macos-x86_64, r-release-windows-x86_64, r-oldrel-macos-arm64, r-oldrel-macos-x86_64, r-oldrel-windows-x86_64