CRAN Package Check Results for Package L0Learn

Last updated on 2024-07-15 18:51:16 CEST.

Flavor Version Tinstall Tcheck Ttotal Status Flags
r-devel-linux-x86_64-debian-clang 2.1.0 295.44 182.15 477.59 NOTE
r-devel-linux-x86_64-debian-gcc 2.1.0 187.01 133.81 320.82 NOTE
r-devel-linux-x86_64-fedora-clang 2.1.0 623.40 NOTE
r-devel-linux-x86_64-fedora-gcc 2.1.0 667.04 NOTE
r-devel-windows-x86_64 2.1.0 212.00 162.00 374.00 NOTE
r-patched-linux-x86_64 2.1.0 222.26 169.78 392.04 NOTE
r-release-linux-x86_64 2.1.0 232.69 175.90 408.59 NOTE
r-release-macos-arm64 2.1.0 136.00 NOTE
r-release-macos-x86_64 2.1.0 162.00 NOTE
r-release-windows-x86_64 2.1.0 207.00 164.00 371.00 NOTE
r-oldrel-macos-arm64 2.1.0 162.00 NOTE
r-oldrel-macos-x86_64 2.1.0 269.00 NOTE
r-oldrel-windows-x86_64 2.1.0 251.00 208.00 459.00 OK

Check Details

Version: 2.1.0
Check: Rd files
Result: NOTE checkRd: (-1) GenSyntheticLogistic.Rd:46: Lost braces; missing escapes or markup? 46 | 3) Every coordinate yi of the outcome vector y exists in {-1, 1}^n is sampled | ^ checkRd: (-1) L0Learn-package.Rd:20: Lost braces in \itemize; meant \describe ? checkRd: (-1) L0Learn-package.Rd:21: Lost braces in \itemize; meant \describe ? checkRd: (-1) L0Learn-package.Rd:22: Lost braces in \itemize; meant \describe ? checkRd: (-1) L0Learn-package.Rd:23: Lost braces in \itemize; meant \describe ? checkRd: (-1) L0Learn-package.Rd:24: Lost braces in \itemize; meant \describe ? checkRd: (-1) L0Learn-package.Rd:25: Lost braces in \itemize; meant \describe ? Flavors: r-devel-linux-x86_64-debian-clang, r-devel-linux-x86_64-debian-gcc, r-devel-linux-x86_64-fedora-clang, r-devel-linux-x86_64-fedora-gcc, r-devel-windows-x86_64, r-patched-linux-x86_64, r-release-linux-x86_64, r-release-macos-arm64, r-release-macos-x86_64, r-release-windows-x86_64

Version: 2.1.0
Check: installed package size
Result: NOTE installed size is 13.0Mb sub-directories of 1Mb or more: doc 2.4Mb libs 10.4Mb Flavors: r-release-macos-arm64, r-release-macos-x86_64, r-oldrel-macos-arm64, r-oldrel-macos-x86_64