CRAN Package Check Results for Package KernelKnn

Last updated on 2024-07-24 18:53:54 CEST.

Flavor Version Tinstall Tcheck Ttotal Status Flags
r-devel-linux-x86_64-debian-clang 1.1.5 29.88 87.34 117.22 NOTE
r-devel-linux-x86_64-debian-gcc 1.1.5 22.16 64.59 86.75 NOTE
r-devel-linux-x86_64-fedora-clang 1.1.5 171.30 NOTE
r-devel-linux-x86_64-fedora-gcc 1.1.5 169.99 NOTE
r-devel-windows-x86_64 1.1.5 29.00 106.00 135.00 NOTE
r-patched-linux-x86_64 1.1.5 31.15 86.19 117.34 NOTE
r-release-linux-x86_64 1.1.5 31.45 85.23 116.68 NOTE
r-release-macos-arm64 1.1.5 49.00 NOTE
r-release-macos-x86_64 1.1.5 86.00 NOTE
r-release-windows-x86_64 1.1.5 32.00 112.00 144.00 NOTE
r-oldrel-macos-arm64 1.1.5 58.00 NOTE
r-oldrel-macos-x86_64 1.1.5 91.00 NOTE
r-oldrel-windows-x86_64 1.1.5 33.00 128.00 161.00 NOTE

Check Details

Version: 1.1.5
Check: C++ specification
Result: NOTE Specified C++11: please drop specification unless essential Flavors: r-devel-linux-x86_64-debian-clang, r-devel-linux-x86_64-debian-gcc, r-devel-linux-x86_64-fedora-clang, r-devel-linux-x86_64-fedora-gcc, r-devel-windows-x86_64, r-patched-linux-x86_64, r-release-linux-x86_64, r-release-macos-arm64, r-release-macos-x86_64, r-release-windows-x86_64, r-oldrel-macos-arm64, r-oldrel-macos-x86_64, r-oldrel-windows-x86_64