CRAN Package Check Results for Package JNplots

Last updated on 2024-07-19 18:58:21 CEST.

Flavor Version Tinstall Tcheck Ttotal Status Flags
r-devel-linux-x86_64-debian-clang 0.1.1 3.43 46.63 50.06 OK
r-devel-linux-x86_64-debian-gcc 0.1.1 3.66 36.06 39.72 OK
r-devel-linux-x86_64-fedora-clang 0.1.1 67.19 OK
r-devel-linux-x86_64-fedora-gcc 0.1.1 63.54 OK
r-devel-windows-x86_64 0.1.1 6.00 56.00 62.00 NOTE
r-patched-linux-x86_64 0.1.1 4.56 44.13 48.69 OK
r-release-linux-x86_64 0.1.1 5.41 45.31 50.72 OK
r-release-macos-arm64 0.1.1 24.00 OK
r-release-macos-x86_64 0.1.1 34.00 OK
r-release-windows-x86_64 0.1.1 5.00 55.00 60.00 OK
r-oldrel-macos-arm64 0.1.1 28.00 OK
r-oldrel-macos-x86_64 0.1.1 58.00 OK
r-oldrel-windows-x86_64 0.1.1 6.00 61.00 67.00 OK

Check Details

Version: 0.1.1
Check: Rd cross-references
Result: NOTE Found the following Rd file(s) with Rd \link{} targets missing package anchors: jnt_cat.Rd: corStruct, corClasses jnt_cont.Rd: corStruct, corClasses Please provide package anchors for all Rd \link{} targets not in the package itself and the base packages. Flavor: r-devel-windows-x86_64